{"id":19169,"date":"2021-07-08T09:38:23","date_gmt":"2021-07-08T07:38:56","guid":{"rendered":"https:\/\/www.justicepaix.be\/?page_id=19169"},"modified":"2022-02-25T12:03:54","modified_gmt":"2022-02-25T11:03:54","slug":"groupes-de-volontaires","status":"publish","type":"page","link":"https:\/\/www.justicepaix.be\/en\/a-propos\/groupes-de-volontaires\/","title":{"rendered":"Groupes de volontaires"},"content":{"rendered":"<div data-elementor-type=\"wp-page\" data-elementor-id=\"19169\" class=\"elementor elementor-19169\" data-elementor-post-type=\"page\">\n\t\t\t\t\t\t<section data-dce-background-color=\"#ffffff\" data-dce-background-overlay-color=\"#000000\" data-dce-background-image-url=\"https:\/\/www.justicepaix.be\/wp-content\/uploads\/2021\/07\/IMG_6800-1-scaled.jpg\" class=\"elementor-section elementor-top-section elementor-element elementor-element-992c2c8 elementor-section-height-min-height elementor-section-content-middle elementor-section-boxed elementor-section-height-default elementor-section-items-middle\" data-id=\"992c2c8\" data-element_type=\"section\" data-e-type=\"section\" data-settings=\"{&quot;background_background&quot;:&quot;classic&quot;,&quot;shape_divider_bottom&quot;:&quot;opacity-tilt&quot;}\">\n\t\t\t\t\t\t\t<div class=\"elementor-background-overlay\"><\/div>\n\t\t\t\t\t\t<div class=\"elementor-shape elementor-shape-bottom\" aria-hidden=\"true\" data-negative=\"false\">\n\t\t\t<svg xmlns=\"http:\/\/www.w3.org\/2000\/svg\" viewbox=\"0 0 2600 131.1\" preserveaspectratio=\"none\">\n\t<path class=\"elementor-shape-fill\" d=\"M0 0L2600 0 2600 69.1 0 0z\"\/>\n\t<path class=\"elementor-shape-fill\" style=\"opacity:0.5\" d=\"M0 0L2600 0 2600 69.1 0 69.1z\"\/>\n\t<path class=\"elementor-shape-fill\" style=\"opacity:0.25\" d=\"M2600 0L0 0 0 130.1 2600 69.1z\"\/>\n<\/svg>\t\t<\/div>\n\t\t\t\t\t<div class=\"elementor-container elementor-column-gap-default\">\n\t\t\t\t\t<div class=\"elementor-column elementor-col-100 elementor-top-column elementor-element elementor-element-f5ad405\" data-id=\"f5ad405\" data-element_type=\"column\" data-e-type=\"column\">\n\t\t\t<div class=\"elementor-widget-wrap elementor-element-populated\">\n\t\t\t\t\t\t<div data-dce-title-color=\"#FFFFFF\" class=\"elementor-element elementor-element-017074d elementor-widget elementor-widget-heading\" data-id=\"017074d\" data-element_type=\"widget\" data-e-type=\"widget\" data-widget_type=\"heading.default\">\n\t\t\t\t<div class=\"elementor-widget-container\">\n\t\t\t\t\t<h1 class=\"elementor-heading-title elementor-size-default\">Groupes de volontaires<\/h1>\t\t\t\t<\/div>\n\t\t\t\t<\/div>\n\t\t\t\t<div class=\"elementor-element elementor-element-93ac94c elementor-widget elementor-widget-text-editor\" data-id=\"93ac94c\" data-element_type=\"widget\" data-e-type=\"widget\" data-widget_type=\"text-editor.default\">\n\t\t\t\t<div class=\"elementor-widget-container\">\n\t\t\t\t\t\t\t\t\t<p>Justice et de Paix\u00a0propose diff\u00e9rents espaces d\u2019\u00e9changes d\u2019id\u00e9es et d\u2019engagement solidaire pour toute personne souhaitant agir en faveur du bien commun. Justice et Paix se d\u00e9finit ainsi comme un espace de m\u00e9diation entre les citoyens et le monde politique. Face \u00e0 des structures \u00e9conomiques qui renforcent l\u2019isolement, Justice et Paix se propose au contraire de rassembler des personnes qui aspirent \u00e0 un monde plus juste.<\/p>\t\t\t\t\t\t\t\t<\/div>\n\t\t\t\t<\/div>\n\t\t\t\t\t<\/div>\n\t\t<\/div>\n\t\t\t\t\t<\/div>\n\t\t<\/section>\n\t\t\t\t<section class=\"elementor-section elementor-top-section elementor-element elementor-element-2884176 elementor-section-boxed elementor-section-height-default elementor-section-height-default\" data-id=\"2884176\" data-element_type=\"section\" data-e-type=\"section\">\n\t\t\t\t\t\t<div class=\"elementor-container elementor-column-gap-default\">\n\t\t\t\t\t<div class=\"elementor-column elementor-col-100 elementor-top-column elementor-element elementor-element-f9ca123\" data-id=\"f9ca123\" data-element_type=\"column\" data-e-type=\"column\">\n\t\t\t<div class=\"elementor-widget-wrap elementor-element-populated\">\n\t\t\t\t\t\t\t<\/div>\n\t\t<\/div>\n\t\t\t\t\t<\/div>\n\t\t<\/section>\n\t\t\t\t<section class=\"elementor-section elementor-top-section elementor-element elementor-element-8f4c6f4 elementor-section-boxed elementor-section-height-default elementor-section-height-default\" data-id=\"8f4c6f4\" data-element_type=\"section\" data-e-type=\"section\">\n\t\t\t\t\t\t<div class=\"elementor-container elementor-column-gap-default\">\n\t\t\t\t\t<div class=\"elementor-column elementor-col-100 elementor-top-column elementor-element elementor-element-16bfe73\" data-id=\"16bfe73\" data-element_type=\"column\" data-e-type=\"column\">\n\t\t\t<div class=\"elementor-widget-wrap elementor-element-populated\">\n\t\t\t\t\t\t<div data-dce-title-color=\"#025683\" class=\"elementor-element elementor-element-230be4b elementor-widget elementor-widget-heading\" data-id=\"230be4b\" data-element_type=\"widget\" data-e-type=\"widget\" data-widget_type=\"heading.default\">\n\t\t\t\t<div class=\"elementor-widget-container\">\n\t\t\t\t\t<h3 class=\"elementor-heading-title elementor-size-default\">Our articles related to this theme<\/h3>\t\t\t\t<\/div>\n\t\t\t\t<\/div>\n\t\t\t\t<div class=\"elementor-element elementor-element-5fc8d5d elementor-widget-divider--view-line elementor-widget elementor-widget-divider\" data-id=\"5fc8d5d\" data-element_type=\"widget\" data-e-type=\"widget\" data-widget_type=\"divider.default\">\n\t\t\t\t<div class=\"elementor-widget-container\">\n\t\t\t\t\t\t\t<div class=\"elementor-divider\">\n\t\t\t<span class=\"elementor-divider-separator\">\n\t\t\t\t\t\t<\/span>\n\t\t<\/div>\n\t\t\t\t\t\t<\/div>\n\t\t\t\t<\/div>\n\t\t\t\t\t<\/div>\n\t\t<\/div>\n\t\t\t\t\t<\/div>\n\t\t<\/section>\n\t\t\t\t<\/div>","protected":false},"excerpt":{"rendered":"<p>Justice et de Paix\u00a0propose diff\u00e9rents espaces d\u2019\u00e9changes d\u2019id\u00e9es et d\u2019engagement solidaire pour toute personne souhaitant agir en faveur du bien commun. Justice et Paix se d\u00e9finit ainsi comme un espace de m\u00e9diation entre les citoyens et le monde politique. Face \u00e0 des structures \u00e9conomiques qui renforcent l\u2019isolement, Justice et Paix se propose au contraire de [&hellip;]<\/p>\n","protected":false},"author":1,"featured_media":19682,"parent":3344,"menu_order":0,"comment_status":"closed","ping_status":"closed","template":"elementor_header_footer","meta":{"_acf_changed":false,"_seopress_robots_primary_cat":"","_seopress_titles_title":"","_seopress_titles_desc":"","_seopress_robots_index":"","footnotes":""},"class_list":["post-19169","page","type-page","status-publish","has-post-thumbnail","hentry"],"acf":[],"_links":{"self":[{"href":"https:\/\/www.justicepaix.be\/en\/wp-json\/wp\/v2\/pages\/19169","targetHints":{"allow":["GET"]}}],"collection":[{"href":"https:\/\/www.justicepaix.be\/en\/wp-json\/wp\/v2\/pages"}],"about":[{"href":"https:\/\/www.justicepaix.be\/en\/wp-json\/wp\/v2\/types\/page"}],"author":[{"embeddable":true,"href":"https:\/\/www.justicepaix.be\/en\/wp-json\/wp\/v2\/users\/1"}],"replies":[{"embeddable":true,"href":"https:\/\/www.justicepaix.be\/en\/wp-json\/wp\/v2\/comments?post=19169"}],"version-history":[{"count":0,"href":"https:\/\/www.justicepaix.be\/en\/wp-json\/wp\/v2\/pages\/19169\/revisions"}],"up":[{"embeddable":true,"href":"https:\/\/www.justicepaix.be\/en\/wp-json\/wp\/v2\/pages\/3344"}],"wp:featuredmedia":[{"embeddable":true,"href":"https:\/\/www.justicepaix.be\/en\/wp-json\/wp\/v2\/media\/19682"}],"wp:attachment":[{"href":"https:\/\/www.justicepaix.be\/en\/wp-json\/wp\/v2\/media?parent=19169"}],"curies":[{"name":"wp","href":"https:\/\/api.w.org\/{rel}","templated":true}]}}

<div data-elementor-type="wp-page" data-elementor-id="19169" class="elementor elementor-19169" data-elementor-post-type="page">
						<section data-dce-background-color="#ffffff" data-dce-background-overlay-color="#000000" data-dce-background-image-url="https://www.justicepaix.be/wp-content/uploads/2021/07/IMG_6800-1-scaled.jpg" class="elementor-section elementor-top-section elementor-element elementor-element-992c2c8 elementor-section-height-min-height elementor-section-content-middle elementor-section-boxed elementor-section-height-default elementor-section-items-middle" data-id="992c2c8" data-element_type="section" data-e-type="section" data-settings="{&quot;background_background&quot;:&quot;classic&quot;,&quot;shape_divider_bottom&quot;:&quot;opacity-tilt&quot;}">
							<div class="elementor-background-overlay"></div>
						<div class="elementor-shape elementor-shape-bottom" aria-hidden="true" data-negative="false">
			<svg xmlns="http://www.w3.org/2000/svg" viewbox="0 0 2600 131.1" preserveaspectratio="none">
	<path class="elementor-shape-fill" d="M0 0L2600 0 2600 69.1 0 0z"/>
	<path class="elementor-shape-fill" style="opacity:0.5" d="M0 0L2600 0 2600 69.1 0 69.1z"/>
	<path class="elementor-shape-fill" style="opacity:0.25" d="M2600 0L0 0 0 130.1 2600 69.1z"/>
</svg>		</div>
					<div class="elementor-container elementor-column-gap-default">
					<div class="elementor-column elementor-col-100 elementor-top-column elementor-element elementor-element-f5ad405" data-id="f5ad405" data-element_type="column" data-e-type="column">
			<div class="elementor-widget-wrap elementor-element-populated">
						<div data-dce-title-color="#FFFFFF" class="elementor-element elementor-element-017074d elementor-widget elementor-widget-heading" data-id="017074d" data-element_type="widget" data-e-type="widget" data-widget_type="heading.default">
				<div class="elementor-widget-container">
					<h1 class="elementor-heading-title elementor-size-default">Groupes de volontaires</h1>				</div>
				</div>
				<div class="elementor-element elementor-element-93ac94c elementor-widget elementor-widget-text-editor" data-id="93ac94c" data-element_type="widget" data-e-type="widget" data-widget_type="text-editor.default">
				<div class="elementor-widget-container">
									<p>Justice et de Paix propose différents espaces d’échanges d’idées et d’engagement solidaire pour toute personne souhaitant agir en faveur du bien commun. Justice et Paix se définit ainsi comme un espace de médiation entre les citoyens et le monde politique. Face à des structures économiques qui renforcent l’isolement, Justice et Paix se propose au contraire de rassembler des personnes qui aspirent à un monde plus juste.</p>								</div>
				</div>
					</div>
		</div>
					</div>
		</section>
				<section class="elementor-section elementor-top-section elementor-element elementor-element-2884176 elementor-section-boxed elementor-section-height-default elementor-section-height-default" data-id="2884176" data-element_type="section" data-e-type="section">
						<div class="elementor-container elementor-column-gap-default">
					<div class="elementor-column elementor-col-100 elementor-top-column elementor-element elementor-element-f9ca123" data-id="f9ca123" data-element_type="column" data-e-type="column">
			<div class="elementor-widget-wrap elementor-element-populated">
							</div>
		</div>
					</div>
		</section>
				<section class="elementor-section elementor-top-section elementor-element elementor-element-8f4c6f4 elementor-section-boxed elementor-section-height-default elementor-section-height-default" data-id="8f4c6f4" data-element_type="section" data-e-type="section">
						<div class="elementor-container elementor-column-gap-default">
					<div class="elementor-column elementor-col-100 elementor-top-column elementor-element elementor-element-16bfe73" data-id="16bfe73" data-element_type="column" data-e-type="column">
			<div class="elementor-widget-wrap elementor-element-populated">
						<div data-dce-title-color="#025683" class="elementor-element elementor-element-230be4b elementor-widget elementor-widget-heading" data-id="230be4b" data-element_type="widget" data-e-type="widget" data-widget_type="heading.default">
				<div class="elementor-widget-container">
					<h3 class="elementor-heading-title elementor-size-default">Our articles related to this theme</h3>				</div>
				</div>
				<div class="elementor-element elementor-element-5fc8d5d elementor-widget-divider--view-line elementor-widget elementor-widget-divider" data-id="5fc8d5d" data-element_type="widget" data-e-type="widget" data-widget_type="divider.default">
				<div class="elementor-widget-container">
							<div class="elementor-divider">
			<span class="elementor-divider-separator">
						</span>
		</div>
						</div>
				</div>
					</div>
		</div>
					</div>
		</section>
				</div>

<p>Justice et de Paix propose différents espaces d’échanges d’idées et d’engagement solidaire pour toute personne souhaitant agir en faveur du bien commun. Justice et Paix se définit ainsi comme un espace de médiation entre les citoyens et le monde politique. Face à des structures économiques qui renforcent l’isolement, Justice et Paix se propose au contraire de [&hellip;]</p>
