{"id":31504,"date":"2026-09-03T16:34:51","date_gmt":"2026-09-03T14:34:51","guid":{"rendered":"https:\/\/www.justicepaix.be\/?post_type=agenda&#038;p=31504"},"modified":"2026-09-03T16:51:15","modified_gmt":"2026-09-03T14:51:15","slug":"cine-debat-bruxelles-nyota-les-enfants-lumiere","status":"publish","type":"agenda","link":"https:\/\/www.justicepaix.be\/en\/agenda\/cine-debat-bruxelles-nyota-les-enfants-lumiere\/","title":{"rendered":"Cin\u00e9-d\u00e9bat Bruxelles : \u00ab NYOTA, Les Enfants Lumi\u00e8re \u00bb"},"content":{"rendered":"\n<h2 class=\"wp-block-heading\">Un film bouleversant sur l\u2019enfance marqu\u00e9e par la guerre, suivi d\u2019un \u00e9change avec l\u2019\u00e9quipe du film.<\/h2>\n\n\n\n<h2 class=\"wp-block-heading\">\u00c0 propos du film<\/h2>\n\n\n\n<p class=\"wp-block-paragraph\"><strong>NYOTA, Les Enfants Lumi\u00e8re<\/strong><br>R\u00e9alisation : Idriss Gabel et Vanessa Kabwela<br>Origine : Belgique<br>Dur\u00e9e : 1h30 &#8211; VO sous-titr\u00e9e fran\u00e7ais<\/p>\n\n\n\n<h2 class=\"wp-block-heading\">Synopsis<\/h2>\n\n\n\n<p class=\"wp-block-paragraph\">Chantale et Paulin, fr\u00e8re et s\u0153ur n\u00e9s d\u2019un viol, se rencontrent pour la premi\u00e8re fois dans un orphelinat du Kivu, loin de leur village d\u2019origine.<\/p>\n\n\n\n<p class=\"wp-block-paragraph\">Anim\u00e9s par le besoin de comprendre leurs origines, ils entament une qu\u00eate pour retrouver leur m\u00e8re et donner un sens \u00e0 leur identit\u00e9.<\/p>\n\n\n\n<p class=\"wp-block-paragraph\">Autour d\u2019eux, d\u2019autres enfants, marqu\u00e9s par les violences de la guerre \u00e0 l\u2019est du Congo, partagent leurs r\u00e9cits de perte et d\u2019exil. Dans cet orphelinat dirig\u00e9 par la s\u0153ur Clothilde, les jeunes apprennent \u00e0 se reconstruire et \u00e0 s\u2019entraider, formant une famille de c\u0153ur entre r\u00e9silience et espoir.<\/p>\n\n\n\n<h2 class=\"wp-block-heading\">Le d\u00e9bat<\/h2>\n\n\n\n<p class=\"wp-block-paragraph\">La projection sera suivie d\u2019un d\u00e9bat anim\u00e9 par Justice &amp; Paix, organisation d\u2019\u00e9ducation permanente engag\u00e9e sur les questions de paix, de d\u00e9mocratie et d\u2019environnement, en pr\u00e9sence de l\u2019\u00e9quipe du film.<\/p>\n\n\n\n<p class=\"wp-block-paragraph\">Un moment d\u2019\u00e9change pour mettre en perspective les r\u00e9alit\u00e9s abord\u00e9es dans le film et mieux comprendre les cons\u00e9quences humaines des conflits.<\/p>\n\n\n\n<p class=\"wp-block-paragraph\">Son objectif : <strong>comprendre pour mieux agir<\/strong>, ici et ailleurs.<\/p>\n\n\n\n<h2 class=\"wp-block-heading\">Infos pratiques<\/h2>\n\n\n\n<ul class=\"wp-block-list\">\n<li><strong>Date :<\/strong> dimanche 8 novembre 2026<\/li>\n\n\n\n<li><strong>Heure :<\/strong> 18h<\/li>\n\n\n\n<li><strong>Lieu :<\/strong> Au Senghor, <a href=\"https:\/\/maps.app.goo.gl\/Y2eGuWgrdx2CZs62A\">Chau. de Wavre 366, 1040 Etterbeek, Bruxelles<\/a><\/li>\n\n\n\n<li><strong>Prix: <\/strong>5\u20ac<\/li>\n<\/ul>\n\n\n\n<p class=\"wp-block-paragraph\"><\/p>\n\n\n\n<div class=\"wp-block-buttons is-content-justification-center is-layout-flex wp-container-core-buttons-is-layout-3e41869c wp-block-buttons-is-layout-flex\">\n<div class=\"wp-block-button is-style-outline is-style-outline--1\"><a class=\"wp-block-button__link has-central-palette-6-color has-central-palette-1-background-color has-text-color has-background has-link-color has-medium-font-size has-custom-font-size wp-element-button\" href=\"https:\/\/shop.utick.net\/?module=ACTIVITYSERIEDETAILS&amp;pos=SENGHOR&amp;s=88D0EF91-EACB-573A-FEDC-E6E3CDFF02EA\" target=\"_blank\" rel=\"noreferrer noopener\"><strong>INSCRIS-TOI ICI<\/strong><\/a><\/div>\n<\/div>\n\n\n\n<p class=\"wp-block-paragraph\"><\/p>\n\n\n\n<p class=\"wp-block-paragraph\"><\/p>\n\n\n\n<script type=\"application\/ld+json\">\n{\n  \"@context\": \"https:\/\/schema.org\",\n  \"@type\": \"Event\",\n  \"name\": \"Cin\u00e9-d\u00e9bat Bruxelles : \u00ab NYOTA, Les Enfants Lumi\u00e8re \u00bb\",\n  \"description\": \"Justice & Paix vous invite \u00e0 la projection du film \u00ab NYOTA, Les Enfants Lumi\u00e8re \u00bb, suivie d\u2019un d\u00e9bat avec l\u2019\u00e9quipe du film autour des cons\u00e9quences humaines des conflits \u00e0 l\u2019est du Congo.\",\n  \"url\": \"https:\/\/www.justicepaix.be\/agenda\/cine-debat-bruxelles-nyota-les-enfants-lumiere\/\",\n  \"image\": [\n    \"https:\/\/www.justicepaix.be\/wp-content\/uploads\/2026\/03\/Affiche-nwv-.jpg\"\n  ],\n  \"startDate\": \"2026-11-08T18:00:00+01:00\",\n  \"eventAttendanceMode\": \"https:\/\/schema.org\/OfflineEventAttendanceMode\",\n  \"eventStatus\": \"https:\/\/schema.org\/EventScheduled\",\n  \"isAccessibleForFree\": false,\n  \"location\": {\n    \"@type\": \"Place\",\n    \"name\": \"Le Senghor\",\n    \"address\": {\n      \"@type\": \"PostalAddress\",\n      \"streetAddress\": \"Chauss\u00e9e de Wavre 366\",\n      \"postalCode\": \"1040\",\n      \"addressLocality\": \"Etterbeek\",\n      \"addressRegion\": \"Bruxelles-Capitale\",\n      \"addressCountry\": \"BE\"\n    }\n  },\n  \"organizer\": {\n    \"@type\": \"Organization\",\n    \"name\": \"Justice & Paix\",\n    \"url\": \"https:\/\/www.justicepaix.be\"\n  },\n  \"offers\": {\n    \"@type\": \"Offer\",\n    \"url\": \"https:\/\/shop.utick.net\/?module=ACTIVITYSERIEDETAILS&pos=SENGHOR&s=88D0EF91-EACB-573A-FEDC-E6E3CDFF02EA\",\n    \"price\": \"5\",\n    \"priceCurrency\": \"EUR\",\n    \"availability\": \"https:\/\/schema.org\/InStock\"\n  }\n}\n<\/script>\n\n\n\n<p class=\"wp-block-paragraph\"><\/p>\n","protected":false},"excerpt":{"rendered":"<p>Un film bouleversant sur l\u2019enfance marqu\u00e9e par la guerre, suivi d\u2019un \u00e9change avec l\u2019\u00e9quipe du film. \u00c0 propos du film NYOTA, Les Enfants Lumi\u00e8reR\u00e9alisation : Idriss Gabel et Vanessa KabwelaOrigine : BelgiqueDur\u00e9e : 1h30 &#8211; VO sous-titr\u00e9e fran\u00e7ais Synopsis Chantale et Paulin, fr\u00e8re et s\u0153ur n\u00e9s d\u2019un viol, se rencontrent pour la premi\u00e8re fois dans [&hellip;]<\/p>\n","protected":false},"featured_media":30914,"parent":0,"template":"","tags":[3143,3304,2824,3307],"type-devenement":[3179],"class_list":["post-31504","agenda","type-agenda","status-publish","has-post-thumbnail","hentry","tag-cine-debat","tag-debat-citoyen","tag-droits-humains","tag-republique-democratique-du-congo","type-devenement-cine-debat"],"acf":[],"_links":{"self":[{"href":"https:\/\/www.justicepaix.be\/en\/wp-json\/wp\/v2\/agenda\/31504","targetHints":{"allow":["GET"]}}],"collection":[{"href":"https:\/\/www.justicepaix.be\/en\/wp-json\/wp\/v2\/agenda"}],"about":[{"href":"https:\/\/www.justicepaix.be\/en\/wp-json\/wp\/v2\/types\/agenda"}],"version-history":[{"count":3,"href":"https:\/\/www.justicepaix.be\/en\/wp-json\/wp\/v2\/agenda\/31504\/revisions"}],"predecessor-version":[{"id":31508,"href":"https:\/\/www.justicepaix.be\/en\/wp-json\/wp\/v2\/agenda\/31504\/revisions\/31508"}],"wp:featuredmedia":[{"embeddable":true,"href":"https:\/\/www.justicepaix.be\/en\/wp-json\/wp\/v2\/media\/30914"}],"wp:attachment":[{"href":"https:\/\/www.justicepaix.be\/en\/wp-json\/wp\/v2\/media?parent=31504"}],"wp:term":[{"taxonomy":"post_tag","embeddable":true,"href":"https:\/\/www.justicepaix.be\/en\/wp-json\/wp\/v2\/tags?post=31504"},{"taxonomy":"type-devenement","embeddable":true,"href":"https:\/\/www.justicepaix.be\/en\/wp-json\/wp\/v2\/type-devenement?post=31504"}],"curies":[{"name":"wp","href":"https:\/\/api.w.org\/{rel}","templated":true}]}}

Ciné-débat Bruxelles : « NYOTA, Les Enfants Lumière »

<h2 class="wp-block-heading">Un film bouleversant sur l’enfance marquée par la guerre, suivi d’un échange avec l’équipe du film.</h2>



<h2 class="wp-block-heading">À propos du film</h2>



<p class="wp-block-paragraph"><strong>NYOTA, Les Enfants Lumière</strong><br>Réalisation : Idriss Gabel et Vanessa Kabwela<br>Origine : Belgique<br>Durée : 1h30 &#8211; VO sous-titrée français</p>



<h2 class="wp-block-heading">Synopsis</h2>



<p class="wp-block-paragraph">Chantale et Paulin, frère et sœur nés d’un viol, se rencontrent pour la première fois dans un orphelinat du Kivu, loin de leur village d’origine.</p>



<p class="wp-block-paragraph">Animés par le besoin de comprendre leurs origines, ils entament une quête pour retrouver leur mère et donner un sens à leur identité.</p>



<p class="wp-block-paragraph">Autour d’eux, d’autres enfants, marqués par les violences de la guerre à l’est du Congo, partagent leurs récits de perte et d’exil. Dans cet orphelinat dirigé par la sœur Clothilde, les jeunes apprennent à se reconstruire et à s’entraider, formant une famille de cœur entre résilience et espoir.</p>



<h2 class="wp-block-heading">Le débat</h2>



<p class="wp-block-paragraph">La projection sera suivie d’un débat animé par Justice &amp; Paix, organisation d’éducation permanente engagée sur les questions de paix, de démocratie et d’environnement, en présence de l’équipe du film.</p>



<p class="wp-block-paragraph">Un moment d’échange pour mettre en perspective les réalités abordées dans le film et mieux comprendre les conséquences humaines des conflits.</p>



<p class="wp-block-paragraph">Son objectif : <strong>comprendre pour mieux agir</strong>, ici et ailleurs.</p>



<h2 class="wp-block-heading">Infos pratiques</h2>



<ul class="wp-block-list">
<li><strong>Date :</strong> dimanche 8 novembre 2026</li>



<li><strong>Heure :</strong> 18h</li>



<li><strong>Lieu :</strong> Au Senghor, <a href="https://maps.app.goo.gl/Y2eGuWgrdx2CZs62A">Chau. de Wavre 366, 1040 Etterbeek, Bruxelles</a></li>



<li><strong>Prix: </strong>5€</li>
</ul>



<p class="wp-block-paragraph"></p>



<div class="wp-block-buttons is-content-justification-center is-layout-flex wp-container-core-buttons-is-layout-3e41869c wp-block-buttons-is-layout-flex">
<div class="wp-block-button is-style-outline is-style-outline--1"><a class="wp-block-button__link has-central-palette-6-color has-central-palette-1-background-color has-text-color has-background has-link-color has-medium-font-size has-custom-font-size wp-element-button" href="https://shop.utick.net/?module=ACTIVITYSERIEDETAILS&amp;pos=SENGHOR&amp;s=88D0EF91-EACB-573A-FEDC-E6E3CDFF02EA" target="_blank" rel="noreferrer noopener"><strong>INSCRIS-TOI ICI</strong></a></div>
</div>



<p class="wp-block-paragraph"></p>



<p class="wp-block-paragraph"></p>



<script type="application/ld+json">
{
  "@context": "https://schema.org",
  "@type": "Event",
  "name": "Ciné-débat Bruxelles : « NYOTA, Les Enfants Lumière »",
  "description": "Justice & Paix vous invite à la projection du film « NYOTA, Les Enfants Lumière », suivie d’un débat avec l’équipe du film autour des conséquences humaines des conflits à l’est du Congo.",
  "url": "https://www.justicepaix.be/agenda/cine-debat-bruxelles-nyota-les-enfants-lumiere/",
  "image": [
    "https://www.justicepaix.be/wp-content/uploads/2026/03/Affiche-nwv-.jpg"
  ],
  "startDate": "2026-11-08T18:00:00+01:00",
  "eventAttendanceMode": "https://schema.org/OfflineEventAttendanceMode",
  "eventStatus": "https://schema.org/EventScheduled",
  "isAccessibleForFree": false,
  "location": {
    "@type": "Place",
    "name": "Le Senghor",
    "address": {
      "@type": "PostalAddress",
      "streetAddress": "Chaussée de Wavre 366",
      "postalCode": "1040",
      "addressLocality": "Etterbeek",
      "addressRegion": "Bruxelles-Capitale",
      "addressCountry": "BE"
    }
  },
  "organizer": {
    "@type": "Organization",
    "name": "Justice & Paix",
    "url": "https://www.justicepaix.be"
  },
  "offers": {
    "@type": "Offer",
    "url": "https://shop.utick.net/?module=ACTIVITYSERIEDETAILS&pos=SENGHOR&s=88D0EF91-EACB-573A-FEDC-E6E3CDFF02EA",
    "price": "5",
    "priceCurrency": "EUR",
    "availability": "https://schema.org/InStock"
  }
}
</script>



<p class="wp-block-paragraph"></p>

<p>Un film bouleversant sur l’enfance marquée par la guerre, suivi d’un échange avec l’équipe du film. À propos du film NYOTA, Les Enfants LumièreRéalisation : Idriss Gabel et Vanessa KabwelaOrigine : BelgiqueDurée : 1h30 &#8211; VO sous-titrée français Synopsis Chantale et Paulin, frère et sœur nés d’un viol, se rencontrent pour la première fois dans [&hellip;]</p>
