{"id":30768,"date":"2026-02-19T13:11:39","date_gmt":"2026-02-19T12:11:39","guid":{"rendered":"https:\/\/www.justicepaix.be\/?post_type=agenda&#038;p=30768"},"modified":"2026-03-30T22:14:16","modified_gmt":"2026-03-30T20:14:16","slug":"journal-vivant-temoigner-comprendre-resister","status":"publish","type":"agenda","link":"https:\/\/www.justicepaix.be\/en\/agenda\/journal-vivant-temoigner-comprendre-resister\/","title":{"rendered":"Journal vivant : t\u00e9moigner, comprendre, r\u00e9sister"},"content":{"rendered":"<h2 class=\"wp-block-heading\">Une soir\u00e9e hors du commun organis\u00e9e par Justice &amp; Paix.<\/h2>\n\n\n\n<figure class=\"wp-block-video\"><video height=\"1080\" style=\"aspect-ratio: 1920 \/ 1080;\" width=\"1920\" controls src=\"https:\/\/www.justicepaix.be\/wp-content\/uploads\/2026\/03\/JOURNAL_VIVANT_TEASER_v2a-1.mp4\"><\/video><\/figure>\n\n\n\n<p>Justice &amp; Paix, convaincue que la culture est un puissant levier de construction de la paix,<br>a le plaisir de vous inviter \u00e0 <strong>une soir\u00e9e hors du commun<\/strong>.<\/p>\n\n\n\n<p>Des artistes, journalistes et activistes monteront sur sc\u00e8ne pour partager des <strong>r\u00e9cits intimes, forts et souvent invisibilis\u00e9s.<\/strong><br>Exil, violence, tabous\u2026 autant de r\u00e9alit\u00e9s racont\u00e9es avec courage et sensibilit\u00e9.<\/p>\n\n\n\n<p>Entre slam, musique, lecture et performance, <strong>le Journal vivant<\/strong> est une exp\u00e9rience immersive qui invite \u00e0 voir, entendre et ressentir autrement le monde qui nous entoure.<\/p>\n\n\n\n<p><strong>Pas de captation. Pas de replay. Ce soir-l\u00e0 seulement.<\/strong><\/p>\n\n\n\n<p>Cette soir\u00e9e ne pourrait pas avoir lieu sans le soutien de la Ville de Bruxelles.<\/p>\n\n\n\n<p><\/p>\n\n\n\n<h2 class=\"wp-block-heading\">Practical information<\/h2>\n\n\n\n<ul class=\"wp-block-list\">\n<li>Quand ? Le mardi 12 mai 2026<\/li>\n\n\n\n<li>Horaire : Spectacle de 20h \u00e0 22h \u2013 ouverture du bar \u00e0 19h<\/li>\n\n\n\n<li>Or ? <a href=\"https:\/\/maps.app.goo.gl\/NfbKts7uuK3FZ5Gj8\">Centre culturel Bruegel, Rue des Renards 1F, 1000 Bruxelles<\/a><\/li>\n\n\n\n<li>Prix ? Gratuit \u2013 prix libre sur place<\/li>\n\n\n\n<li>Inscription obligatoire :&nbsp; Gratuite via le lien de r\u00e9servation ci-dessous &#8211; places limit\u00e9es !<\/li>\n<\/ul>\n\n\n\n<p><\/p>\n\n\n\n<p><\/p>\n\n\n\n<div class=\"wp-block-buttons is-content-justification-center is-layout-flex wp-container-core-buttons-is-layout-a89b3969 wp-block-buttons-is-layout-flex\">\n<div class=\"wp-block-button is-style-outline is-style-outline--1\"><a class=\"wp-block-button__link has-central-palette-6-color has-central-palette-1-background-color has-text-color has-background has-link-color has-medium-font-size has-custom-font-size wp-element-button\" href=\"https:\/\/www.eventbrite.com\/e\/billets-journal-vivant-temoigner-comprendre-resister-1983522836198?aff=oddtdtcreator\" target=\"_blank\" rel=\"noreferrer noopener\"><strong>INSCRIS-TOI ICI<\/strong><\/a><\/div>\n<\/div>\n\n\n\n<p class=\"has-text-align-center\"><\/p>\n\n\n\n<h3 class=\"wp-block-heading\" id=\"resume\"><\/h3>\n\n\n\n<p><\/p>","protected":false},"excerpt":{"rendered":"<p>Une soir\u00e9e hors du commun organis\u00e9e par Justice &amp; Paix. Justice &amp; Paix, convaincue que la culture est un puissant levier de construction de la paix,a le plaisir de vous inviter \u00e0 une soir\u00e9e hors du commun. Des artistes, journalistes et activistes monteront sur sc\u00e8ne pour partager des r\u00e9cits intimes, forts et souvent invisibilis\u00e9s.Exil, violence, [&hellip;]<\/p>\n","protected":false},"featured_media":30771,"parent":0,"template":"","tags":[3292,3290,3289,3291],"type-devenement":[3170,3151],"class_list":["post-30768","agenda","type-agenda","status-publish","has-post-thumbnail","hentry","tag-arts-vivants","tag-evenement-culturel","tag-journal-vivant","tag-temoignage","type-devenement-animation","type-devenement-conference"],"acf":[],"_links":{"self":[{"href":"https:\/\/www.justicepaix.be\/en\/wp-json\/wp\/v2\/agenda\/30768","targetHints":{"allow":["GET"]}}],"collection":[{"href":"https:\/\/www.justicepaix.be\/en\/wp-json\/wp\/v2\/agenda"}],"about":[{"href":"https:\/\/www.justicepaix.be\/en\/wp-json\/wp\/v2\/types\/agenda"}],"version-history":[{"count":7,"href":"https:\/\/www.justicepaix.be\/en\/wp-json\/wp\/v2\/agenda\/30768\/revisions"}],"predecessor-version":[{"id":30979,"href":"https:\/\/www.justicepaix.be\/en\/wp-json\/wp\/v2\/agenda\/30768\/revisions\/30979"}],"wp:featuredmedia":[{"embeddable":true,"href":"https:\/\/www.justicepaix.be\/en\/wp-json\/wp\/v2\/media\/30771"}],"wp:attachment":[{"href":"https:\/\/www.justicepaix.be\/en\/wp-json\/wp\/v2\/media?parent=30768"}],"wp:term":[{"taxonomy":"post_tag","embeddable":true,"href":"https:\/\/www.justicepaix.be\/en\/wp-json\/wp\/v2\/tags?post=30768"},{"taxonomy":"type-devenement","embeddable":true,"href":"https:\/\/www.justicepaix.be\/en\/wp-json\/wp\/v2\/type-devenement?post=30768"}],"curies":[{"name":"wp","href":"https:\/\/api.w.org\/{rel}","templated":true}]}}

Journal vivant : témoigner, comprendre, résister

<h2 class="wp-block-heading">Une soirée hors du commun organisée par Justice &amp; Paix.</h2>



<figure class="wp-block-video"><video height="1080" style="aspect-ratio: 1920 / 1080;" width="1920" controls src="https://www.justicepaix.be/wp-content/uploads/2026/03/JOURNAL_VIVANT_TEASER_v2a-1.mp4"></video></figure>



<p>Justice &amp; Paix, convaincue que la culture est un puissant levier de construction de la paix,<br>a le plaisir de vous inviter à <strong>une soirée hors du commun</strong>.</p>



<p>Des artistes, journalistes et activistes monteront sur scène pour partager des <strong>récits intimes, forts et souvent invisibilisés.</strong><br>Exil, violence, tabous… autant de réalités racontées avec courage et sensibilité.</p>



<p>Entre slam, musique, lecture et performance, <strong>le Journal vivant</strong> est une expérience immersive qui invite à voir, entendre et ressentir autrement le monde qui nous entoure.</p>



<p><strong>Pas de captation. Pas de replay. Ce soir-là seulement.</strong></p>



<p>Cette soirée ne pourrait pas avoir lieu sans le soutien de la Ville de Bruxelles.</p>



<p></p>



<h2 class="wp-block-heading">Practical information</h2>



<ul class="wp-block-list">
<li>Quand ? Le mardi 12 mai 2026</li>



<li>Horaire : Spectacle de 20h à 22h – ouverture du bar à 19h</li>



<li>Or ? <a href="https://maps.app.goo.gl/NfbKts7uuK3FZ5Gj8">Centre culturel Bruegel, Rue des Renards 1F, 1000 Bruxelles</a></li>



<li>Prix ? Gratuit – prix libre sur place</li>



<li>Inscription obligatoire :&nbsp; Gratuite via le lien de réservation ci-dessous &#8211; places limitées !</li>
</ul>



<p></p>



<p></p>



<div class="wp-block-buttons is-content-justification-center is-layout-flex wp-container-core-buttons-is-layout-a89b3969 wp-block-buttons-is-layout-flex">
<div class="wp-block-button is-style-outline is-style-outline--1"><a class="wp-block-button__link has-central-palette-6-color has-central-palette-1-background-color has-text-color has-background has-link-color has-medium-font-size has-custom-font-size wp-element-button" href="https://www.eventbrite.com/e/billets-journal-vivant-temoigner-comprendre-resister-1983522836198?aff=oddtdtcreator" target="_blank" rel="noreferrer noopener"><strong>INSCRIS-TOI ICI</strong></a></div>
</div>



<p class="has-text-align-center"></p>



<h3 class="wp-block-heading" id="resume"></h3>



<p></p>

<p>Une soirée hors du commun organisée par Justice &amp; Paix. Justice &amp; Paix, convaincue que la culture est un puissant levier de construction de la paix,a le plaisir de vous inviter à une soirée hors du commun. Des artistes, journalistes et activistes monteront sur scène pour partager des récits intimes, forts et souvent invisibilisés.Exil, violence, [&hellip;]</p>
