{"id":30079,"date":"2025-09-29T15:21:23","date_gmt":"2025-09-29T13:21:23","guid":{"rendered":"https:\/\/www.justicepaix.be\/?post_type=agenda&#038;p=30079"},"modified":"2025-09-30T15:38:10","modified_gmt":"2025-09-30T13:38:10","slug":"atelier-decriture-climat-sante-et-imaginaires-ecrire-le-monde-de-demain","status":"publish","type":"agenda","link":"https:\/\/www.justicepaix.be\/en\/agenda\/atelier-decriture-climat-sante-et-imaginaires-ecrire-le-monde-de-demain\/","title":{"rendered":"Atelier d\u2019\u00e9criture \u2013 Climat, sant\u00e9 et imaginaires : \u00e9crire le monde de demain"},"content":{"rendered":"<p><\/p>\n\n\n\n<p><strong>Et si l\u2019\u00e9criture devenait un outil de r\u00e9flexion, d\u2019expression\u2026 et de transformation&nbsp;?<\/strong><\/p>\n\n\n\n<p>Le temps d\u2019une apr\u00e8s-midi, Justice &amp; Paix t&rsquo;invite \u00e0 explorer ta cr\u00e9ativit\u00e9 lors d\u2019un atelier d\u2019\u00e9criture centr\u00e9 sur l\u2019environnement et les enjeux de sant\u00e9 li\u00e9s \u00e0 la crise climatique. Car l\u2019air que nous respirons, l\u2019eau que nous buvons, la nourriture que nous mangeons : tout cela fa\u00e7onne notre bien-\u00eatre. Le changement climatique, qualifi\u00e9 de \u00ab&nbsp;plus grande menace mondiale pour la sant\u00e9 au XXIe si\u00e8cle&nbsp;\u00bb, nous invite \u00e0 repenser le monde de demain.<\/p>\n\n\n\n<p><br><strong>Viens mettre en mots tes visions d\u2019avenir et \u00e9crire collectivement des r\u00e9cits porteurs de sens. <\/strong><\/p>\n\n\n\n<p><\/p>\n\n\n\n<p>L\u2019atelier sera anim\u00e9 par <strong>Lilian Versange<\/strong>, humoriste et artiste passionn\u00e9 de r\u00e9cits. Lilian aime autant en cr\u00e9er qu\u2019accompagner celles et ceux qui souhaitent en \u00e9crire. Avec sa plume aiguis\u00e9e et son regard plein d\u2019esprit, il te guidera dans cet atelier o\u00f9 l\u2019\u00e9criture devient un levier de changement, sans jamais perdre de vue le plaisir de cr\u00e9er.<\/p>\n\n\n\n<p><\/p>\n\n\n\n<p><strong>When ?<\/strong> Le 15 novembre 2025, de 14H \u00e0 17H30<\/p>\n\n\n\n<p><strong>Or ? <\/strong>Chauss\u00e9e St-Pierre 208, 1040 Etterbeek<\/p>\n\n\n\n<p><strong>Price ?<\/strong> Gratuit, inscription obligatoire via le bouton ci-dessous<\/p>\n\n\n\n<p><strong>Plus d&rsquo;infos ?<\/strong> Contacte louise.lesoil@justicepaix.be<\/p>\n\n\n\n<p><\/p>\n\n\n\n<div class=\"wp-block-buttons is-content-justification-center is-layout-flex wp-container-core-buttons-is-layout-a89b3969 wp-block-buttons-is-layout-flex\">\n<div class=\"wp-block-button\"><a class=\"wp-block-button__link has-central-palette-6-color has-central-palette-1-background-color has-text-color has-background has-link-color has-medium-font-size has-custom-font-size wp-element-button\" href=\"https:\/\/www.justicepaix.be\/en\/inscription-atelier-decriture\/\"><strong>INSCRIS-TOI ICI<\/strong><\/a><\/div>\n<\/div>\n\n\n\n<p><\/p>\n\n\n\n<p><strong>Plus d&rsquo;infos sur l&rsquo;intervenant ?<\/strong><\/p>\n\n\n\n<ul class=\"wp-block-list\">\n<li>Son compte instagram : <a href=\"https:\/\/www.instagram.com\/lilianversange\/\">https:\/\/www.instagram.com\/lilianversange\/<\/a><\/li>\n\n\n\n<li>Son site internet : <a href=\"https:\/\/lilianversange.com\/\">https:\/\/lilianversange.com\/<\/a><\/li>\n<\/ul>\n\n\n\n<p><\/p>\n\n\n\n<p class=\"has-text-align-center\"><strong><em>\u00c0 l&rsquo;occasion de l&rsquo;automne des solidarit\u00e9s de la Commune d&rsquo;Etterbeek<\/em><\/strong><\/p>","protected":false},"excerpt":{"rendered":"<p>Et si l\u2019\u00e9criture devenait un outil de r\u00e9flexion, d\u2019expression\u2026 et de transformation&nbsp;? Le temps d\u2019une apr\u00e8s-midi, Justice &amp; Paix t&rsquo;invite \u00e0 explorer ta cr\u00e9ativit\u00e9 lors d\u2019un atelier d\u2019\u00e9criture centr\u00e9 sur l\u2019environnement et les enjeux de sant\u00e9 li\u00e9s \u00e0 la crise climatique. Car l\u2019air que nous respirons, l\u2019eau que nous buvons, la nourriture que nous mangeons [&hellip;]<\/p>\n","protected":false},"featured_media":30089,"parent":0,"template":"","tags":[3242,3190,3243,2814,2811],"type-devenement":[3170],"class_list":["post-30079","agenda","type-agenda","status-publish","has-post-thumbnail","hentry","tag-atelier-decriture","tag-biodiversite","tag-climat","tag-developpement-durable","tag-ressources-naturelles","type-devenement-animation"],"acf":[],"_links":{"self":[{"href":"https:\/\/www.justicepaix.be\/en\/wp-json\/wp\/v2\/agenda\/30079","targetHints":{"allow":["GET"]}}],"collection":[{"href":"https:\/\/www.justicepaix.be\/en\/wp-json\/wp\/v2\/agenda"}],"about":[{"href":"https:\/\/www.justicepaix.be\/en\/wp-json\/wp\/v2\/types\/agenda"}],"version-history":[{"count":3,"href":"https:\/\/www.justicepaix.be\/en\/wp-json\/wp\/v2\/agenda\/30079\/revisions"}],"predecessor-version":[{"id":30094,"href":"https:\/\/www.justicepaix.be\/en\/wp-json\/wp\/v2\/agenda\/30079\/revisions\/30094"}],"wp:featuredmedia":[{"embeddable":true,"href":"https:\/\/www.justicepaix.be\/en\/wp-json\/wp\/v2\/media\/30089"}],"wp:attachment":[{"href":"https:\/\/www.justicepaix.be\/en\/wp-json\/wp\/v2\/media?parent=30079"}],"wp:term":[{"taxonomy":"post_tag","embeddable":true,"href":"https:\/\/www.justicepaix.be\/en\/wp-json\/wp\/v2\/tags?post=30079"},{"taxonomy":"type-devenement","embeddable":true,"href":"https:\/\/www.justicepaix.be\/en\/wp-json\/wp\/v2\/type-devenement?post=30079"}],"curies":[{"name":"wp","href":"https:\/\/api.w.org\/{rel}","templated":true}]}}

Atelier d’écriture – Climat, santé et imaginaires : écrire le monde de demain

<p></p>



<p><strong>Et si l’écriture devenait un outil de réflexion, d’expression… et de transformation&nbsp;?</strong></p>



<p>Le temps d’une après-midi, Justice &amp; Paix t&rsquo;invite à explorer ta créativité lors d’un atelier d’écriture centré sur l’environnement et les enjeux de santé liés à la crise climatique. Car l’air que nous respirons, l’eau que nous buvons, la nourriture que nous mangeons : tout cela façonne notre bien-être. Le changement climatique, qualifié de «&nbsp;plus grande menace mondiale pour la santé au XXIe siècle&nbsp;», nous invite à repenser le monde de demain.</p>



<p><br><strong>Viens mettre en mots tes visions d’avenir et écrire collectivement des récits porteurs de sens. </strong></p>



<p></p>



<p>L’atelier sera animé par <strong>Lilian Versange</strong>, humoriste et artiste passionné de récits. Lilian aime autant en créer qu’accompagner celles et ceux qui souhaitent en écrire. Avec sa plume aiguisée et son regard plein d’esprit, il te guidera dans cet atelier où l’écriture devient un levier de changement, sans jamais perdre de vue le plaisir de créer.</p>



<p></p>



<p><strong>When ?</strong> Le 15 novembre 2025, de 14H à 17H30</p>



<p><strong>Or ? </strong>Chaussée St-Pierre 208, 1040 Etterbeek</p>



<p><strong>Price ?</strong> Gratuit, inscription obligatoire via le bouton ci-dessous</p>



<p><strong>Plus d&rsquo;infos ?</strong> Contacte louise.lesoil@justicepaix.be</p>



<p></p>



<div class="wp-block-buttons is-content-justification-center is-layout-flex wp-container-core-buttons-is-layout-a89b3969 wp-block-buttons-is-layout-flex">
<div class="wp-block-button"><a class="wp-block-button__link has-central-palette-6-color has-central-palette-1-background-color has-text-color has-background has-link-color has-medium-font-size has-custom-font-size wp-element-button" href="https://www.justicepaix.be/en/inscription-atelier-decriture/"><strong>INSCRIS-TOI ICI</strong></a></div>
</div>



<p></p>



<p><strong>Plus d&rsquo;infos sur l&rsquo;intervenant ?</strong></p>



<ul class="wp-block-list">
<li>Son compte instagram : <a href="https://www.instagram.com/lilianversange/">https://www.instagram.com/lilianversange/</a></li>



<li>Son site internet : <a href="https://lilianversange.com/">https://lilianversange.com/</a></li>
</ul>



<p></p>



<p class="has-text-align-center"><strong><em>À l&rsquo;occasion de l&rsquo;automne des solidarités de la Commune d&rsquo;Etterbeek</em></strong></p>

<p>Et si l’écriture devenait un outil de réflexion, d’expression… et de transformation&nbsp;? Le temps d’une après-midi, Justice &amp; Paix t&rsquo;invite à explorer ta créativité lors d’un atelier d’écriture centré sur l’environnement et les enjeux de santé liés à la crise climatique. Car l’air que nous respirons, l’eau que nous buvons, la nourriture que nous mangeons [&hellip;]</p>
