{"id":29177,"date":"2025-02-03T17:01:58","date_gmt":"2025-02-03T16:01:58","guid":{"rendered":"https:\/\/www.justicepaix.be\/?post_type=agenda&#038;p=29177"},"modified":"2025-03-18T13:39:14","modified_gmt":"2025-03-18T12:39:14","slug":"webinaire-desarmement-belgique-un-mariage-controverse","status":"publish","type":"agenda","link":"https:\/\/www.justicepaix.be\/en\/agenda\/webinaire-desarmement-belgique-un-mariage-controverse\/","title":{"rendered":"Webinaire &#8211; D\u00e9sarmement &amp; Belgique, un mariage controvers\u00e9"},"content":{"rendered":"<p>\u00c0 l\u2019occasion de <strong>la Journ\u00e9e mondiale du d\u00e9sarmement, <\/strong>le groupe de travail <em><strong>\u00ab\u202fconflits internationaux\u202f\u00bb<\/strong><\/em> de Justice &amp; Paix vous invite le 12 mars de 18h30 \u00e0 20h30 \u00e0 un webinaire interactif sur les questions d&rsquo;armement (et surtout de d\u00e9sarmement) et ses enjeux pour la Belgique. Rejoignez-nous pour discuter des initiatives et d\u00e9fis li\u00e9s au d\u00e9sarmement <strong>avec des expert\u00b7es renomm\u00e9\u00b7es.<\/strong>\u00a0\u00a0<\/p>\n\n\n\n<p><\/p>\n\n\n\n<h2 class=\"wp-block-heading\">D\u00e9roul\u00e9 de l&rsquo;\u00e9v\u00e9nement<\/h2>\n\n\n\n<p>Le webinaire sera structur\u00e9 en trois parties, avec les interventions suivantes pr\u00e9vues :&nbsp;<\/p>\n\n\n\n<p><\/p>\n\n\n\n<ul class=\"wp-block-list\">\n<li>Historique de la d\u00e9fense belge et int\u00e9gration \u00e0 l\u2019OTAN, <strong>par Michel Li\u00e9geois\u00a0<\/strong><\/li>\n<\/ul>\n\n\n\n<ul class=\"wp-block-list\">\n<li>D\u00e9pendance de la Belgique \u00e0 l\u2019OTAN : \u00e9tat des lieux, <strong>par Naomi Zoka\u00a0\u00a0<\/strong><\/li>\n<\/ul>\n\n\n\n<ul class=\"wp-block-list\">\n<li>Alternatives \u00e0 l\u2019armement : obstacles, bonnes pratiques et exemples du Costa Rica, <strong>par Jean-Marie Collin<\/strong><\/li>\n<\/ul>\n\n\n\n<p><\/p>\n\n\n\n<h2 class=\"wp-block-heading\">Intervenant\u00b7es au webinaire<\/h2>\n\n\n\n<ul class=\"wp-block-list\">\n<li>Michel Li\u00e9geois est <strong>Professeur de relations internationales<\/strong> \u00e0 l\u2019UCLouvain. Il enseigne les \u00e9tudes de s\u00e9curit\u00e9 et m\u00e8ne ses recherches dans le cadre du Centre d\u2019\u00e9tude des crises et des conflits internationaux (CECRI). Il est \u00e9galement membre de la direction scientifique de l\u2019Observatoire Boutros-Ghali sur le maintien de la paix et l\u2019auteur de nombreuses publications.\u00a0<\/li>\n<\/ul>\n\n\n\n<ul class=\"wp-block-list\">\n<li>Naomi Zoka est <strong>sp\u00e9cialiste des relations internationales et de la diplomatie. <\/strong>Elle travaille actuellement en tant qu&rsquo;experte en s\u00e9curit\u00e9 et d\u00e9sarmement chez Pax Christi Flandre avec une sp\u00e9cialisation sur les armes nucl\u00e9aires, les armes autonomes et d&rsquo;autres armes non conventionnelles.\u00a0<\/li>\n\n\n\n<li>Jean-Marie Collin dirige la branche fran\u00e7aise de la <strong>Campagne internationale pour abolir les armes nucl\u00e9aires,<\/strong> organisation prix Nobel de la paix en 2017. Il travaille depuis plus de 20 ans, sur les questions de dissuasion nucl\u00e9aire, du d\u00e9sarmement et de la non-prolif\u00e9ration nucl\u00e9aire. Il est \u00e9galement chercheur associ\u00e9 au sein du Think tank belge le Groupe de Recherche et d\u2019Information sur la Paix et la S\u00e9curit\u00e9 (GRIP).\u00a0<\/li>\n<\/ul>\n\n\n\n<p><\/p>\n\n\n\n<h2 class=\"wp-block-heading\">Practical information<\/h2>\n\n\n\n<p>Le webinaire se tiendra le 12 mars 2025 de 18h30 \u00e0 20h30 en ligne, via ZOOM. <strong>Vous recevrez le lien de participation la veille via mail (v\u00e9rifiez vos spams !).<\/strong><\/p>\n\n\n\n<p><\/p>\n\n\n\n<p><\/p>\n\n\n\n<p><\/p>","protected":false},"excerpt":{"rendered":"<p>\u00c0 l\u2019occasion de la Journ\u00e9e mondiale du d\u00e9sarmement, le groupe de travail \u00ab\u202fconflits internationaux\u202f\u00bb de Justice &amp; Paix vous invite le 12 mars de 18h30 \u00e0 20h30 \u00e0 un webinaire interactif sur les questions d&rsquo;armement (et surtout de d\u00e9sarmement) et ses enjeux pour la Belgique. Rejoignez-nous pour discuter des initiatives et d\u00e9fis li\u00e9s au d\u00e9sarmement [&hellip;]<\/p>\n","protected":false},"featured_media":29185,"parent":0,"template":"","tags":[2799,2824,3134,2825,2834],"type-devenement":[3151],"class_list":["post-29177","agenda","type-agenda","status-publish","has-post-thumbnail","hentry","tag-armes-desarmement","tag-droits-humains","tag-enjeux-de-paix","tag-prevention-des-conflits","tag-union-europeenne","type-devenement-conference"],"acf":[],"_links":{"self":[{"href":"https:\/\/www.justicepaix.be\/en\/wp-json\/wp\/v2\/agenda\/29177","targetHints":{"allow":["GET"]}}],"collection":[{"href":"https:\/\/www.justicepaix.be\/en\/wp-json\/wp\/v2\/agenda"}],"about":[{"href":"https:\/\/www.justicepaix.be\/en\/wp-json\/wp\/v2\/types\/agenda"}],"version-history":[{"count":1,"href":"https:\/\/www.justicepaix.be\/en\/wp-json\/wp\/v2\/agenda\/29177\/revisions"}],"predecessor-version":[{"id":29186,"href":"https:\/\/www.justicepaix.be\/en\/wp-json\/wp\/v2\/agenda\/29177\/revisions\/29186"}],"wp:featuredmedia":[{"embeddable":true,"href":"https:\/\/www.justicepaix.be\/en\/wp-json\/wp\/v2\/media\/29185"}],"wp:attachment":[{"href":"https:\/\/www.justicepaix.be\/en\/wp-json\/wp\/v2\/media?parent=29177"}],"wp:term":[{"taxonomy":"post_tag","embeddable":true,"href":"https:\/\/www.justicepaix.be\/en\/wp-json\/wp\/v2\/tags?post=29177"},{"taxonomy":"type-devenement","embeddable":true,"href":"https:\/\/www.justicepaix.be\/en\/wp-json\/wp\/v2\/type-devenement?post=29177"}],"curies":[{"name":"wp","href":"https:\/\/api.w.org\/{rel}","templated":true}]}}

Webinaire &#8211; Désarmement &amp; Belgique, un mariage controversé

<p>À l’occasion de <strong>la Journée mondiale du désarmement, </strong>le groupe de travail <em><strong>« conflits internationaux »</strong></em> de Justice &amp; Paix vous invite le 12 mars de 18h30 à 20h30 à un webinaire interactif sur les questions d&rsquo;armement (et surtout de désarmement) et ses enjeux pour la Belgique. Rejoignez-nous pour discuter des initiatives et défis liés au désarmement <strong>avec des expert·es renommé·es.</strong>  </p>



<p></p>



<h2 class="wp-block-heading">Déroulé de l&rsquo;événement</h2>



<p>Le webinaire sera structuré en trois parties, avec les interventions suivantes prévues :&nbsp;</p>



<p></p>



<ul class="wp-block-list">
<li>Historique de la défense belge et intégration à l’OTAN, <strong>par Michel Liégeois </strong></li>
</ul>



<ul class="wp-block-list">
<li>Dépendance de la Belgique à l’OTAN : état des lieux, <strong>par Naomi Zoka  </strong></li>
</ul>



<ul class="wp-block-list">
<li>Alternatives à l’armement : obstacles, bonnes pratiques et exemples du Costa Rica, <strong>par Jean-Marie Collin</strong></li>
</ul>



<p></p>



<h2 class="wp-block-heading">Intervenant·es au webinaire</h2>



<ul class="wp-block-list">
<li>Michel Liégeois est <strong>Professeur de relations internationales</strong> à l’UCLouvain. Il enseigne les études de sécurité et mène ses recherches dans le cadre du Centre d’étude des crises et des conflits internationaux (CECRI). Il est également membre de la direction scientifique de l’Observatoire Boutros-Ghali sur le maintien de la paix et l’auteur de nombreuses publications. </li>
</ul>



<ul class="wp-block-list">
<li>Naomi Zoka est <strong>spécialiste des relations internationales et de la diplomatie. </strong>Elle travaille actuellement en tant qu&rsquo;experte en sécurité et désarmement chez Pax Christi Flandre avec une spécialisation sur les armes nucléaires, les armes autonomes et d&rsquo;autres armes non conventionnelles. </li>



<li>Jean-Marie Collin dirige la branche française de la <strong>Campagne internationale pour abolir les armes nucléaires,</strong> organisation prix Nobel de la paix en 2017. Il travaille depuis plus de 20 ans, sur les questions de dissuasion nucléaire, du désarmement et de la non-prolifération nucléaire. Il est également chercheur associé au sein du Think tank belge le Groupe de Recherche et d’Information sur la Paix et la Sécurité (GRIP). </li>
</ul>



<p></p>



<h2 class="wp-block-heading">Practical information</h2>



<p>Le webinaire se tiendra le 12 mars 2025 de 18h30 à 20h30 en ligne, via ZOOM. <strong>Vous recevrez le lien de participation la veille via mail (vérifiez vos spams !).</strong></p>



<p></p>



<p></p>



<p></p>

<p>À l’occasion de la Journée mondiale du désarmement, le groupe de travail « conflits internationaux » de Justice &amp; Paix vous invite le 12 mars de 18h30 à 20h30 à un webinaire interactif sur les questions d&rsquo;armement (et surtout de désarmement) et ses enjeux pour la Belgique. Rejoignez-nous pour discuter des initiatives et défis liés au désarmement [&hellip;]</p>
