{"id":29053,"date":"2025-01-09T11:15:12","date_gmt":"2025-01-09T10:15:12","guid":{"rendered":"https:\/\/www.justicepaix.be\/?post_type=agenda&#038;p=29053"},"modified":"2025-02-28T11:39:27","modified_gmt":"2025-02-28T10:39:27","slug":"migration-and-conflict-training-4","status":"publish","type":"agenda","link":"https:\/\/www.justicepaix.be\/en\/agenda\/formation-migration-et-conflits-3\/","title":{"rendered":"Training \u2013 Migration and conflicts"},"content":{"rendered":"<p><em>Qu\u2019est-ce qui pousse les gens \u00e0 migrer ou au contraire les retient&nbsp;? O\u00f9 vont ces personnes qui quittent leur ville, village, leur maison&nbsp;? Quelle \u00e9tait leur vie l\u00e0-bas, quelle est leur vie ici&nbsp;? Et comment cela me concerne\u2011t\u2011il dans mon quotidien&nbsp;? Ces questions forment le point de d\u00e9part de la formation \u00ab\u00a0Migrations et conflits: Entre perceptions, faits et r\u00e9alit\u00e9s de vie\u00a0\u00bb anim\u00e9e par Caritas International et Justice &amp; Paix.<\/em><\/p>\n\n\n\n<figure class=\"wp-block-gallery aligncenter has-nested-images columns-default is-cropped wp-block-gallery-1 is-layout-flex wp-block-gallery-is-layout-flex\">\n<figure class=\"wp-block-image size-large\"><img fetchpriority=\"high\" decoding=\"async\" width=\"1024\" height=\"576\" data-id=\"24155\" src=\"https:\/\/www.justicepaix.be\/wp-content\/uploads\/2023\/01\/Formation-migrations-et-conflits-oct-2020-1140x641-2-1024x576.webp\" alt=\"\" class=\"wp-image-24155\" srcset=\"https:\/\/www.justicepaix.be\/wp-content\/uploads\/2023\/01\/Formation-migrations-et-conflits-oct-2020-1140x641-2-1024x576.webp 1024w, https:\/\/www.justicepaix.be\/wp-content\/uploads\/2023\/01\/Formation-migrations-et-conflits-oct-2020-1140x641-2-300x169.webp 300w, https:\/\/www.justicepaix.be\/wp-content\/uploads\/2023\/01\/Formation-migrations-et-conflits-oct-2020-1140x641-2-768x432.webp 768w, https:\/\/www.justicepaix.be\/wp-content\/uploads\/2023\/01\/Formation-migrations-et-conflits-oct-2020-1140x641-2.webp 1140w\" sizes=\"(max-width: 1024px) 100vw, 1024px\" \/><figcaption class=\"wp-element-caption\">Photo credit: Caritas International Belgium<\/figcaption><\/figure>\n\n\n\n<figure class=\"wp-block-image size-large\"><img decoding=\"async\" width=\"1024\" height=\"576\" data-id=\"25608\" src=\"https:\/\/www.justicepaix.be\/wp-content\/uploads\/2023\/08\/2-Formation-Migrations-conflits-1024x576.webp\" alt=\"\" class=\"wp-image-25608\" srcset=\"https:\/\/www.justicepaix.be\/wp-content\/uploads\/2023\/08\/2-Formation-Migrations-conflits-1024x576.webp 1024w, https:\/\/www.justicepaix.be\/wp-content\/uploads\/2023\/08\/2-Formation-Migrations-conflits-300x169.webp 300w, https:\/\/www.justicepaix.be\/wp-content\/uploads\/2023\/08\/2-Formation-Migrations-conflits-768x432.webp 768w, https:\/\/www.justicepaix.be\/wp-content\/uploads\/2023\/08\/2-Formation-Migrations-conflits-jpg.webp 1140w\" sizes=\"(max-width: 1024px) 100vw, 1024px\" \/><\/figure>\n<\/figure>\n\n\n\n<p><\/p>\n\n\n\n<h2 class=\"wp-block-heading has-large-font-size\">Description of the conflict and migration training<\/h2>\n\n\n\n<p><\/p>\n\n\n\n<p>Based on the expertise of the two organizations, this training addresses the migration phenomenon in its entirety. It aims to offer you the tools to grasp the&nbsp;<strong>complexity of migratory realities<\/strong>&nbsp;and more particularly the link, not always obvious, which can exist between natural resources, conflicts and migrations.<\/p>\n\n\n\n<p>In&nbsp;<strong>alternating presentations and participatory workshops<\/strong>, this training will provide informed content, varied educational tools, concrete avenues of action, as well as relevant reading grids to address the issue of migration and refugees with your students, your audiences, or your loved ones.<\/p>\n\n\n\n<p class=\"has-central-palette-1-color has-text-color has-medium-font-size\"><strong><a href=\"https:\/\/www.caritasinternational.be\/fr\/projects\/education\/formation-migration-conflit\/#ancre1\" target=\"_blank\" rel=\"noreferrer noopener\">I&#039;m registering<\/a><\/strong><\/p>\n\n\n\n<hr class=\"wp-block-separator has-text-color has-central-palette-1-color has-alpha-channel-opacity has-central-palette-1-background-color has-background is-style-default\"\/>\n\n\n\n<div class=\"wp-block-columns is-layout-flex wp-container-core-columns-is-layout-28f84493 wp-block-columns-is-layout-flex\">\n<div class=\"wp-block-column is-layout-flow wp-block-column-is-layout-flow\">\n<h3 class=\"wp-block-heading has-large-font-size\"><strong>Course of the training day<\/strong><\/h3>\n\n\n\n<p>The training is divided into 2 parts:<\/p>\n\n\n\n<ul class=\"wp-block-list\">\n<li><strong>\u201cBeyond perceptions, facts\u201d:&nbsp;<\/strong>Migration in the press, multiple causes of migration, conflict analysis, global look at migration (figures, host and origin countries, migration policies, etc.)<\/li>\n\n\n\n<li><strong>\u201cBeyond the facts, the realities of life\u201d:&nbsp;<\/strong>3 case studies corresponding to the \u201cbefore-during-after\u201d stages of migration: Conflicts linked to natural resources in DR Congo; migration routes and European policy; application for international protection, inclusion and living together in Belgium.<\/li>\n\n\n\n<li><strong>A conclusion<\/strong>&nbsp;will address political and civic avenues to respond to migration issues. It will also enable collective reflection and suggest educational avenues to inform and raise awareness among young people.<\/li>\n<\/ul>\n<\/div>\n\n\n\n<div class=\"wp-block-column is-layout-flow wp-block-column-is-layout-flow\">\n<h3 class=\"wp-block-heading has-large-font-size\"><strong>For which audiences?<\/strong><\/h3>\n\n\n\n<p>Cette formation est destin\u00e9e au corps enseignant et aux personnes en charge d\u2019animations qui souhaitent d\u00e9velopper la question des migrations avec des \u00e9l\u00e8ves ou des jeunes, mais aussi \u00e0 tout\u00b7e citoyen\u00b7ne avide de se saisir de ce sujet.<\/p>\n\n\n\n<p><\/p>\n\n\n\n<h3 class=\"wp-block-heading has-large-font-size\"><strong>Useful information<\/strong><\/h3>\n\n\n\n<p><strong>When? <\/strong>La prochaine formation aura lieu le lundi 19 mai 2025, de 9h00 \u00e0 16h30<\/p>\n\n\n\n<p><strong>Or?<\/strong> &nbsp;Caritas International, 43 rue de la charit\u00e9, 1210 Brussels (near the central station and the Art-Loi metro)<\/p>\n\n\n\n<p><strong>&nbsp;Price?<\/strong> \u20ac17.50 or \u20ac10 for students, retirees or unemployed people. Information on payment terms at the time of registration.<\/p>\n\n\n\n<p><\/p>\n<\/div>\n<\/div>\n\n\n\n<hr class=\"wp-block-separator has-text-color has-central-palette-1-color has-alpha-channel-opacity has-central-palette-1-background-color has-background\"\/>\n\n\n\n<h3 class=\"wp-block-heading has-large-font-size\"><strong>Contact:<\/strong><\/h3>\n\n\n\n<p><\/p>\n\n\n\n<p><strong>For Caritas International<\/strong>, Maryse Baar&nbsp;:&nbsp;<a href=\"mailto:m.baar@caritasint.be\" data-type=\"mailto\" data-id=\"mailto:m.baar@caritasint.be\">m.baar@caritasint.be<\/a>&nbsp;or 02 229 36 21.<\/p>\n\n\n\n<p><strong>For Justice and Peace<\/strong>, Martin Rutsaert&nbsp;: <a href=\"mailto:martin.rutsaert@justicepaix.be\" data-type=\"mailto\" data-id=\"mailto:martin.rutsaert@justicepaix.be\">martin.rutsaert@justicepaix.be<\/a>&nbsp;or 02 896 95 00.<\/p>\n\n\n\n<p><\/p>\n\n\n\n<div class=\"wp-block-columns are-vertically-aligned-center is-layout-flex wp-container-core-columns-is-layout-28f84493 wp-block-columns-is-layout-flex\">\n<div class=\"wp-block-column is-vertically-aligned-center is-layout-flow wp-block-column-is-layout-flow\" style=\"flex-basis:66.66%\">\n<p class=\"has-medium-font-size\"><strong>Inscrivez vous sur le <\/strong><br><strong>site de Caritas International.Be<\/strong><\/p>\n<\/div>\n\n\n\n<div class=\"wp-block-column is-vertically-aligned-center has-central-palette-1-color has-text-color is-layout-flow wp-block-column-is-layout-flow\" style=\"flex-basis:33.33%\">\n<div class=\"wp-block-buttons alignwide is-layout-flex wp-block-buttons-is-layout-flex\">\n<div class=\"wp-block-button is-style-fill\"><a class=\"wp-block-button__link has-central-palette-6-color has-central-palette-1-background-color has-text-color has-background wp-element-button\" href=\"https:\/\/www.caritasinternational.be\/fr\/projects\/education\/formation-migration-conflit\/#ancre1\" style=\"border-radius:100px\" target=\"_blank\" rel=\"noreferrer noopener\"><strong>I&#039;M REGISTERING<\/strong><\/a><\/div>\n<\/div>\n<\/div>\n<\/div>\n\n\n\n<p><\/p>","protected":false},"excerpt":{"rendered":"<p>\u201cMigration and conflicts\u201d training with Justice &amp; Peace and Caritas International.<\/p>","protected":false},"featured_media":24155,"parent":0,"template":"","tags":[],"type-devenement":[3152],"class_list":["post-29053","agenda","type-agenda","status-publish","has-post-thumbnail","hentry","type-devenement-formation"],"acf":[],"_links":{"self":[{"href":"https:\/\/www.justicepaix.be\/en\/wp-json\/wp\/v2\/agenda\/29053","targetHints":{"allow":["GET"]}}],"collection":[{"href":"https:\/\/www.justicepaix.be\/en\/wp-json\/wp\/v2\/agenda"}],"about":[{"href":"https:\/\/www.justicepaix.be\/en\/wp-json\/wp\/v2\/types\/agenda"}],"version-history":[{"count":3,"href":"https:\/\/www.justicepaix.be\/en\/wp-json\/wp\/v2\/agenda\/29053\/revisions"}],"predecessor-version":[{"id":29308,"href":"https:\/\/www.justicepaix.be\/en\/wp-json\/wp\/v2\/agenda\/29053\/revisions\/29308"}],"wp:featuredmedia":[{"embeddable":true,"href":"https:\/\/www.justicepaix.be\/en\/wp-json\/wp\/v2\/media\/24155"}],"wp:attachment":[{"href":"https:\/\/www.justicepaix.be\/en\/wp-json\/wp\/v2\/media?parent=29053"}],"wp:term":[{"taxonomy":"post_tag","embeddable":true,"href":"https:\/\/www.justicepaix.be\/en\/wp-json\/wp\/v2\/tags?post=29053"},{"taxonomy":"type-devenement","embeddable":true,"href":"https:\/\/www.justicepaix.be\/en\/wp-json\/wp\/v2\/type-devenement?post=29053"}],"curies":[{"name":"wp","href":"https:\/\/api.w.org\/{rel}","templated":true}]}}

<p><em>Qu’est-ce qui pousse les gens à migrer ou au contraire les retient&nbsp;? Où vont ces personnes qui quittent leur ville, village, leur maison&nbsp;? Quelle était leur vie là-bas, quelle est leur vie ici&nbsp;? Et comment cela me concerne‑t‑il dans mon quotidien&nbsp;? Ces questions forment le point de départ de la formation « Migrations et conflits: Entre perceptions, faits et réalités de vie » animée par Caritas International et Justice &amp; Paix.</em></p>



<figure class="wp-block-gallery aligncenter has-nested-images columns-default is-cropped wp-block-gallery-1 is-layout-flex wp-block-gallery-is-layout-flex">
<figure class="wp-block-image size-large"><img fetchpriority="high" decoding="async" width="1024" height="576" data-id="24155" src="https://www.justicepaix.be/wp-content/uploads/2023/01/Formation-migrations-et-conflits-oct-2020-1140x641-2-1024x576.webp" alt="" class="wp-image-24155" srcset="https://www.justicepaix.be/wp-content/uploads/2023/01/Formation-migrations-et-conflits-oct-2020-1140x641-2-1024x576.webp 1024w, https://www.justicepaix.be/wp-content/uploads/2023/01/Formation-migrations-et-conflits-oct-2020-1140x641-2-300x169.webp 300w, https://www.justicepaix.be/wp-content/uploads/2023/01/Formation-migrations-et-conflits-oct-2020-1140x641-2-768x432.webp 768w, https://www.justicepaix.be/wp-content/uploads/2023/01/Formation-migrations-et-conflits-oct-2020-1140x641-2.webp 1140w" sizes="(max-width: 1024px) 100vw, 1024px" /><figcaption class="wp-element-caption">Photo credit: Caritas International Belgium</figcaption></figure>



<figure class="wp-block-image size-large"><img decoding="async" width="1024" height="576" data-id="25608" src="https://www.justicepaix.be/wp-content/uploads/2023/08/2-Formation-Migrations-conflits-1024x576.webp" alt="" class="wp-image-25608" srcset="https://www.justicepaix.be/wp-content/uploads/2023/08/2-Formation-Migrations-conflits-1024x576.webp 1024w, https://www.justicepaix.be/wp-content/uploads/2023/08/2-Formation-Migrations-conflits-300x169.webp 300w, https://www.justicepaix.be/wp-content/uploads/2023/08/2-Formation-Migrations-conflits-768x432.webp 768w, https://www.justicepaix.be/wp-content/uploads/2023/08/2-Formation-Migrations-conflits-jpg.webp 1140w" sizes="(max-width: 1024px) 100vw, 1024px" /></figure>
</figure>



<p></p>



<h2 class="wp-block-heading has-large-font-size">Description of the conflict and migration training</h2>



<p></p>



<p>Based on the expertise of the two organizations, this training addresses the migration phenomenon in its entirety. It aims to offer you the tools to grasp the&nbsp;<strong>complexity of migratory realities</strong>&nbsp;and more particularly the link, not always obvious, which can exist between natural resources, conflicts and migrations.</p>



<p>In&nbsp;<strong>alternating presentations and participatory workshops</strong>, this training will provide informed content, varied educational tools, concrete avenues of action, as well as relevant reading grids to address the issue of migration and refugees with your students, your audiences, or your loved ones.</p>



<p class="has-central-palette-1-color has-text-color has-medium-font-size"><strong><a href="https://www.caritasinternational.be/fr/projects/education/formation-migration-conflit/#ancre1" target="_blank" rel="noreferrer noopener">I&#039;m registering</a></strong></p>



<hr class="wp-block-separator has-text-color has-central-palette-1-color has-alpha-channel-opacity has-central-palette-1-background-color has-background is-style-default"/>



<div class="wp-block-columns is-layout-flex wp-container-core-columns-is-layout-28f84493 wp-block-columns-is-layout-flex">
<div class="wp-block-column is-layout-flow wp-block-column-is-layout-flow">
<h3 class="wp-block-heading has-large-font-size"><strong>Course of the training day</strong></h3>



<p>The training is divided into 2 parts:</p>



<ul class="wp-block-list">
<li><strong>“Beyond perceptions, facts”:&nbsp;</strong>Migration in the press, multiple causes of migration, conflict analysis, global look at migration (figures, host and origin countries, migration policies, etc.)</li>



<li><strong>“Beyond the facts, the realities of life”:&nbsp;</strong>3 case studies corresponding to the “before-during-after” stages of migration: Conflicts linked to natural resources in DR Congo; migration routes and European policy; application for international protection, inclusion and living together in Belgium.</li>



<li><strong>A conclusion</strong>&nbsp;will address political and civic avenues to respond to migration issues. It will also enable collective reflection and suggest educational avenues to inform and raise awareness among young people.</li>
</ul>
</div>



<div class="wp-block-column is-layout-flow wp-block-column-is-layout-flow">
<h3 class="wp-block-heading has-large-font-size"><strong>For which audiences?</strong></h3>



<p>Cette formation est destinée au corps enseignant et aux personnes en charge d’animations qui souhaitent développer la question des migrations avec des élèves ou des jeunes, mais aussi à tout·e citoyen·ne avide de se saisir de ce sujet.</p>



<p></p>



<h3 class="wp-block-heading has-large-font-size"><strong>Useful information</strong></h3>



<p><strong>When? </strong>La prochaine formation aura lieu le lundi 19 mai 2025, de 9h00 à 16h30</p>



<p><strong>Or?</strong> &nbsp;Caritas International, 43 rue de la charité, 1210 Brussels (near the central station and the Art-Loi metro)</p>



<p><strong>&nbsp;Price?</strong> €17.50 or €10 for students, retirees or unemployed people. Information on payment terms at the time of registration.</p>



<p></p>
</div>
</div>



<hr class="wp-block-separator has-text-color has-central-palette-1-color has-alpha-channel-opacity has-central-palette-1-background-color has-background"/>



<h3 class="wp-block-heading has-large-font-size"><strong>Contact:</strong></h3>



<p></p>



<p><strong>For Caritas International</strong>, Maryse Baar&nbsp;:&nbsp;<a href="mailto:m.baar@caritasint.be" data-type="mailto" data-id="mailto:m.baar@caritasint.be">m.baar@caritasint.be</a>&nbsp;or 02 229 36 21.</p>



<p><strong>For Justice and Peace</strong>, Martin Rutsaert&nbsp;: <a href="mailto:martin.rutsaert@justicepaix.be" data-type="mailto" data-id="mailto:martin.rutsaert@justicepaix.be">martin.rutsaert@justicepaix.be</a>&nbsp;or 02 896 95 00.</p>



<p></p>



<div class="wp-block-columns are-vertically-aligned-center is-layout-flex wp-container-core-columns-is-layout-28f84493 wp-block-columns-is-layout-flex">
<div class="wp-block-column is-vertically-aligned-center is-layout-flow wp-block-column-is-layout-flow" style="flex-basis:66.66%">
<p class="has-medium-font-size"><strong>Inscrivez vous sur le </strong><br><strong>site de Caritas International.Be</strong></p>
</div>



<div class="wp-block-column is-vertically-aligned-center has-central-palette-1-color has-text-color is-layout-flow wp-block-column-is-layout-flow" style="flex-basis:33.33%">
<div class="wp-block-buttons alignwide is-layout-flex wp-block-buttons-is-layout-flex">
<div class="wp-block-button is-style-fill"><a class="wp-block-button__link has-central-palette-6-color has-central-palette-1-background-color has-text-color has-background wp-element-button" href="https://www.caritasinternational.be/fr/projects/education/formation-migration-conflit/#ancre1" style="border-radius:100px" target="_blank" rel="noreferrer noopener"><strong>I&#039;M REGISTERING</strong></a></div>
</div>
</div>
</div>



<p></p>
