{"id":24711,"date":"2023-05-30T14:03:19","date_gmt":"2023-05-30T12:03:19","guid":{"rendered":"https:\/\/www.justicepaix.be\/?post_type=tribe_events&#038;p=24711"},"modified":"2024-03-07T23:29:57","modified_gmt":"2024-03-07T22:29:57","slug":"conference-leurope-doit-elle-se-rearmer","status":"publish","type":"agenda","link":"https:\/\/www.justicepaix.be\/en\/agenda\/conference-leurope-doit-elle-se-rearmer\/","title":{"rendered":"Conference \u2013 Should Europe rearm?"},"content":{"rendered":"\n\n\n<p>Participez \u00e0 la 3\u00e8me conf\u00e9rence du cycle \u00ab\u00a0La paix en question\u00a0\u00bb, organis\u00e9e par Etopia, Justice &amp; Paix, le GRIP et le Centre Avec.<\/p>\n\n\n\n<p><strong>Cette conf\u00e9rence s&rsquo;inscrit dans une r\u00e9flexion profonde sur le projet de paix europ\u00e9en et sa remise en question \u00e0 l&rsquo;aune de la guerre en Ukraine.<\/strong><\/p>\n\n\n\n<p class=\"has-medium-font-size\"><a href=\"https:\/\/www.justicepaix.be\/event\/conference-leurope-doit-elle-se-rearmer\/#inscription\"><strong>Inscriptions par ici<\/strong><\/a><\/p>\n\n\n\n<figure class=\"wp-block-image aligncenter size-large\"><img fetchpriority=\"high\" decoding=\"async\" width=\"1024\" height=\"536\" src=\"https:\/\/www.justicepaix.be\/wp-content\/uploads\/2023\/06\/Leurope-doit-elle-se-rearmer-avec-participants-1024x536.png\" alt=\"\" class=\"wp-image-24727\" srcset=\"https:\/\/www.justicepaix.be\/wp-content\/uploads\/2023\/06\/Leurope-doit-elle-se-rearmer-avec-participants-1024x536.png 1024w, https:\/\/www.justicepaix.be\/wp-content\/uploads\/2023\/06\/Leurope-doit-elle-se-rearmer-avec-participants-300x157.png 300w, https:\/\/www.justicepaix.be\/wp-content\/uploads\/2023\/06\/Leurope-doit-elle-se-rearmer-avec-participants-768x402.png 768w, https:\/\/www.justicepaix.be\/wp-content\/uploads\/2023\/06\/Leurope-doit-elle-se-rearmer-avec-participants-1536x804.png 1536w, https:\/\/www.justicepaix.be\/wp-content\/uploads\/2023\/06\/Leurope-doit-elle-se-rearmer-avec-participants.png 2048w\" sizes=\"(max-width: 1024px) 100vw, 1024px\" \/><\/figure>\n\n\n\n<p><\/p>\n\n\n\n<h2 class=\"wp-block-heading\">Synopsis de la conf\u00e9rence<\/h2>\n\n\n\n<p><\/p>\n\n\n\n<p><em>Depuis plusieurs ann\u00e9es, les appels \u00e0 r\u00e9investir dans la d\u00e9fense se sont multipli\u00e9s en Europe. Apr\u00e8s la fin de la guerre froide, les d\u00e9penses militaires avaient en effet consid\u00e9rablement baiss\u00e9 dans une Europe qui voulait alors profiter des \u00ab&nbsp;dividendes de la paix&nbsp;\u00bb <strong>et se reposait sur les garanties de s\u00e9curit\u00e9 \u00e9tats-uniennes.<\/strong><\/em><\/p>\n\n\n\n<p><em>Le contexte international a chang\u00e9 depuis. <strong>La mont\u00e9e en puissance de la Chine, le regain de tensions entre l\u2019OTAN et la Russie, exacerb\u00e9es par l\u2019agression contre l\u2019Ukraine, et le d\u00e9veloppement de menaces dites \u00ab&nbsp;hybrides&nbsp;\u00bb ont aliment\u00e9 ces appels \u00e0 r\u00e9armer l\u2019Europe.<\/strong> Le soutien apport\u00e9 \u00e0 l\u2019Ukraine montre qu\u2019\u00e0 l\u2019heure actuelle, les \u00c9tats-Unis restent engag\u00e9s dans la s\u00e9curit\u00e9 europ\u00e9enne. Cependant, il existe la possibilit\u00e9 qu\u2019ils puissent &#8211; \u00e0 moyen terme &#8211; la d\u00e9laisser et concentrer toute leur attention sur le Pacifique et leur rivalit\u00e9 avec la Chine.<\/em><\/p>\n\n\n\n<p><em>Ces discours sont toutefois nuanc\u00e9s par d\u2019autres, rappelant notamment que les \u00c9tats europ\u00e9ens de l\u2019OTAN ont des d\u00e9penses de d\u00e9fense cumul\u00e9es cinq fois sup\u00e9rieures \u00e0 celles de la Russie et que l\u2019arm\u00e9e russe rencontre d\u00e9j\u00e0 de grandes difficult\u00e9s face \u00e0 l\u2019Ukraine. L\u2019incapacit\u00e9 des interventions occidentales en Afghanistan, en Irak ou au Sahel \u00e0 porter les fruits politico-strat\u00e9giques qui en \u00e9taient attendus am\u00e8ne aussi \u00e0 questionner l\u2019utilit\u00e9 d\u2019un accroissement des d\u00e9penses militaires.<\/em><\/p>\n\n\n\n<p><em>L\u2019objectif de cette troisi\u00e8me conf\u00e9rence d\u2019un cycle consacr\u00e9 \u00e0 l\u2019actualit\u00e9 du projet de paix europ\u00e9en sera de <strong>confronter les points de vue et les analyses sur la question du r\u00e9armement de l\u2019Europe pour permettre une meilleure compr\u00e9hension de ses enjeux.<\/strong><\/em><\/p>\n\n\n\n<p><\/p>\n\n\n\n<p>La conf\u00e9rence sera donn\u00e9e par Samuel Longuet, Charg\u00e9 de recherches (GRIP) et Michel Li\u00e9geois, Professeur de relations internationales (UCL) et sera suivie d&rsquo;une s\u00e9ance de questions r\u00e9ponses.<\/p>\n\n\n\n<p><\/p>\n\n\n\n<h2 class=\"wp-block-heading\">D\u00e9roulement de la conf\u00e9rence sur le r\u00e9armement de l&rsquo;Europe<\/h2>\n\n\n\n<p><\/p>\n\n\n\n<p>18h00: Accueil<\/p>\n\n\n\n<p>18h30: d\u00e9but de l&rsquo;intervention de Samuel Longuet, questions &#8211; r\u00e9ponses, conclusion<\/p>\n\n\n\n<p>20h30: Drink de fin de cycle, afin de continuer les \u00e9changes<\/p>\n\n\n\n<p><\/p>\n\n\n\n<h2 class=\"wp-block-heading\">Infos pratiques<\/h2>\n\n\n\n<p><\/p>\n\n\n\n<p>Quand? Le 20\/06\/23, 18h30 \u00e0 20h30<\/p>\n\n\n\n<p>O\u00f9? Bourse de Namur, Place d&rsquo;Armes n\u00b01 &#8211; 5000 Namur (Salle Michaux)<\/p>\n\n\n\n<p id=\"inscription\">Prix: C&rsquo;est gratuit ! Inscription souhait\u00e9e via le formulaire ci-dessous <\/p>\n\n\n\n<p><\/p>\n\n\n<style id=\"wpforms-css-vars-24699-block-9bb65771-426b-4f78-b30f-f90f626dfcca\">\n\t\t\t\t#wpforms-24699.wpforms-block-9bb65771-426b-4f78-b30f-f90f626dfcca {\n\t\t\t\t--wpforms-field-background-color: #BDC3D8;\n--wpforms-field-border-color: #C8A137;\n--wpforms-field-border-color-spare: #C8A137;\n--wpforms-field-text-color: #025683;\n\t\t\t}\n\t\t\t<\/style><div class=\"wpforms-container wpforms-container-full wpforms-block wpforms-block-9bb65771-426b-4f78-b30f-f90f626dfcca wpforms-render-modern\" id=\"wpforms-24699\"><form id=\"wpforms-form-24699\" class=\"wpforms-validate wpforms-form wpforms-ajax-form\" data-formid=\"24699\" method=\"post\" enctype=\"multipart\/form-data\" action=\"\/en\/wp-json\/wp\/v2\/agenda\/24711\" data-token=\"ee46377d075a9bda97143feca38928d0\" data-token-time=\"1777426199\"><div class=\"wpforms-head-container\"><div class=\"wpforms-title\">Inscription \u00e0 la conf\u00e9rence &quot;L&#039;Europe doit-elle se r\u00e9armer ?&quot;<\/div><\/div><noscript class=\"wpforms-error-noscript\">Please enable JavaScript in your browser to complete this form.<\/noscript><div id=\"wpforms-error-noscript\" style=\"display: none;\">Please enable JavaScript in your browser to complete this form.<\/div><div class=\"wpforms-field-container\"><div id=\"wpforms-24699-field_8-container\" class=\"wpforms-field wpforms-field-name\" data-field-id=\"8\"><fieldset><legend class=\"wpforms-field-label\">Nom <span class=\"wpforms-required-label\" aria-hidden=\"true\">*<\/span><\/legend><div class=\"wpforms-field-row wpforms-field-medium\"><div class=\"wpforms-field-row-block wpforms-first wpforms-one-half\"><input type=\"text\" id=\"wpforms-24699-field_8\" class=\"wpforms-field-name-first wpforms-field-required\" name=\"wpforms[fields][8][first]\" aria-errormessage=\"wpforms-24699-field_8-error\" required><label for=\"wpforms-24699-field_8\" class=\"wpforms-field-sublabel after\">First<\/label><\/div><div class=\"wpforms-field-row-block wpforms-one-half\"><input type=\"text\" id=\"wpforms-24699-field_8-last\" class=\"wpforms-field-name-last wpforms-field-required\" name=\"wpforms[fields][8][last]\" aria-errormessage=\"wpforms-24699-field_8-last-error\" required><label for=\"wpforms-24699-field_8-last\" class=\"wpforms-field-sublabel after\">Last<\/label><\/div><\/div><\/fieldset><\/div><div id=\"wpforms-24699-field_9-container\" class=\"wpforms-field wpforms-field-email\" data-field-id=\"9\"><label class=\"wpforms-field-label\" for=\"wpforms-24699-field_9\">E-mail <span class=\"wpforms-required-label\" aria-hidden=\"true\">*<\/span><\/label><input type=\"email\" id=\"wpforms-24699-field_9\" class=\"wpforms-field-medium wpforms-field-required\" name=\"wpforms[fields][9]\" spellcheck=\"false\" aria-errormessage=\"wpforms-24699-field_9-error\" required><\/div><div id=\"wpforms-24699-field_10-container\" class=\"wpforms-field wpforms-field-checkbox\" data-field-id=\"10\"><fieldset><legend class=\"wpforms-field-label\">Je souhaite recevoir la newsletter <\/legend><ul id=\"wpforms-24699-field_10\"><li class=\"choice-1 depth-1\"><input type=\"checkbox\" id=\"wpforms-24699-field_10_1\" name=\"wpforms[fields][10][]\" value=\"de Justice &amp; Paix\" aria-errormessage=\"wpforms-24699-field_10_1-error\"  ><label class=\"wpforms-field-label-inline\" for=\"wpforms-24699-field_10_1\">de Justice &amp; Paix<\/label><\/li><li class=\"choice-2 depth-1\"><input type=\"checkbox\" id=\"wpforms-24699-field_10_2\" name=\"wpforms[fields][10][]\" value=\"du GRIP\" aria-errormessage=\"wpforms-24699-field_10_2-error\"  ><label class=\"wpforms-field-label-inline\" for=\"wpforms-24699-field_10_2\">du GRIP<\/label><\/li><li class=\"choice-3 depth-1\"><input type=\"checkbox\" id=\"wpforms-24699-field_10_3\" name=\"wpforms[fields][10][]\" value=\"du Centre Avec\" aria-errormessage=\"wpforms-24699-field_10_3-error\"  ><label class=\"wpforms-field-label-inline\" for=\"wpforms-24699-field_10_3\">du Centre Avec<\/label><\/li><li class=\"choice-4 depth-1\"><input type=\"checkbox\" id=\"wpforms-24699-field_10_4\" name=\"wpforms[fields][10][]\" value=\"De Etopia\" aria-errormessage=\"wpforms-24699-field_10_4-error\"  ><label class=\"wpforms-field-label-inline\" for=\"wpforms-24699-field_10_4\">De Etopia<\/label><\/li><\/ul><\/fieldset><\/div><div id=\"wpforms-24699-field_12-container\" class=\"wpforms-field wpforms-field-content\" data-field-id=\"12\"><div id=\"wpforms-24699-field_12\" class=\"wpforms-field-medium wpforms-field-row\" aria-errormessage=\"wpforms-24699-field_12-error\"><p><em>Vos donn\u00e9es sont trait\u00e9es dans la plus grande confidentialit\u00e9, conform\u00e9ment au RGPD et ne seront en aucun cas divulgu\u00e9es \u00e0 des tiers.<\/em><\/p>\n<div class=\"wpforms-field-content-display-frontend-clear\"><\/div><\/div><\/div><\/div><!-- .wpforms-field-container --><div class=\"wpforms-submit-container\" ><input type=\"hidden\" name=\"wpforms[id]\" value=\"24699\"><input type=\"hidden\" name=\"page_title\" value=\"\"><input type=\"hidden\" name=\"page_url\" value=\"https:\/\/www.justicepaix.be\/en\/wp-json\/wp\/v2\/agenda\/24711\"><input type=\"hidden\" name=\"url_referer\" value=\"\"><button type=\"submit\" name=\"wpforms[submit]\" id=\"wpforms-submit-24699\" class=\"wpforms-submit\" data-alt-text=\"Envoi...\" data-submit-text=\"Envoyer\" aria-live=\"assertive\" value=\"wpforms-submit\">Envoyer<\/button><img decoding=\"async\" src=\"https:\/\/www.justicepaix.be\/wp-content\/plugins\/wpforms\/assets\/images\/submit-spin.svg\" class=\"wpforms-submit-spinner\" style=\"display: none;\" width=\"26\" height=\"26\" alt=\"Loading\"><\/div><\/form><\/div>  <!-- .wpforms-container -->\n\n\n\n\n\n\n<div class=\"wp-block-columns is-layout-flex wp-container-core-columns-is-layout-28f84493 wp-block-columns-is-layout-flex\">\n<div class=\"wp-block-column is-layout-flow wp-block-column-is-layout-flow\" style=\"flex-basis:100%\"><\/div>\n<\/div>\n\n\n\n\n\n<div class=\"wp-block-columns is-layout-flex wp-container-core-columns-is-layout-28f84493 wp-block-columns-is-layout-flex\">\n<div class=\"wp-block-column is-layout-flow wp-block-column-is-layout-flow\" style=\"flex-basis:100%\"><\/div>\n<\/div>\n","protected":false},"excerpt":{"rendered":"<p>For several years, calls to reinvest in defense have increased in Europe. After the end of the Cold War, military spending had indeed declined considerably in a Europe which then wanted to benefit from the \u201cpeace dividend\u201d and relied on US security guarantees.<\/p>","protected":false},"featured_media":24727,"parent":0,"template":"","tags":[],"type-devenement":[],"class_list":["post-24711","agenda","type-agenda","status-publish","has-post-thumbnail","hentry"],"acf":[],"_links":{"self":[{"href":"https:\/\/www.justicepaix.be\/en\/wp-json\/wp\/v2\/agenda\/24711","targetHints":{"allow":["GET"]}}],"collection":[{"href":"https:\/\/www.justicepaix.be\/en\/wp-json\/wp\/v2\/agenda"}],"about":[{"href":"https:\/\/www.justicepaix.be\/en\/wp-json\/wp\/v2\/types\/agenda"}],"version-history":[{"count":1,"href":"https:\/\/www.justicepaix.be\/en\/wp-json\/wp\/v2\/agenda\/24711\/revisions"}],"predecessor-version":[{"id":27295,"href":"https:\/\/www.justicepaix.be\/en\/wp-json\/wp\/v2\/agenda\/24711\/revisions\/27295"}],"wp:featuredmedia":[{"embeddable":true,"href":"https:\/\/www.justicepaix.be\/en\/wp-json\/wp\/v2\/media\/24727"}],"wp:attachment":[{"href":"https:\/\/www.justicepaix.be\/en\/wp-json\/wp\/v2\/media?parent=24711"}],"wp:term":[{"taxonomy":"post_tag","embeddable":true,"href":"https:\/\/www.justicepaix.be\/en\/wp-json\/wp\/v2\/tags?post=24711"},{"taxonomy":"type-devenement","embeddable":true,"href":"https:\/\/www.justicepaix.be\/en\/wp-json\/wp\/v2\/type-devenement?post=24711"}],"curies":[{"name":"wp","href":"https:\/\/api.w.org\/{rel}","templated":true}]}}

<p>Participez à la 3ème conférence du cycle « La paix en question », organisée par Etopia, Justice &amp; Paix, le GRIP et le Centre Avec.</p>



<p><strong>Cette conférence s&rsquo;inscrit dans une réflexion profonde sur le projet de paix européen et sa remise en question à l&rsquo;aune de la guerre en Ukraine.</strong></p>



<p class="has-medium-font-size"><a href="https://www.justicepaix.be/event/conference-leurope-doit-elle-se-rearmer/#inscription"><strong>Inscriptions par ici</strong></a></p>



<figure class="wp-block-image aligncenter size-large"><img fetchpriority="high" decoding="async" width="1024" height="536" src="https://www.justicepaix.be/wp-content/uploads/2023/06/Leurope-doit-elle-se-rearmer-avec-participants-1024x536.png" alt="" class="wp-image-24727" srcset="https://www.justicepaix.be/wp-content/uploads/2023/06/Leurope-doit-elle-se-rearmer-avec-participants-1024x536.png 1024w, https://www.justicepaix.be/wp-content/uploads/2023/06/Leurope-doit-elle-se-rearmer-avec-participants-300x157.png 300w, https://www.justicepaix.be/wp-content/uploads/2023/06/Leurope-doit-elle-se-rearmer-avec-participants-768x402.png 768w, https://www.justicepaix.be/wp-content/uploads/2023/06/Leurope-doit-elle-se-rearmer-avec-participants-1536x804.png 1536w, https://www.justicepaix.be/wp-content/uploads/2023/06/Leurope-doit-elle-se-rearmer-avec-participants.png 2048w" sizes="(max-width: 1024px) 100vw, 1024px" /></figure>



<p></p>



<h2 class="wp-block-heading">Synopsis de la conférence</h2>



<p></p>



<p><em>Depuis plusieurs années, les appels à réinvestir dans la défense se sont multipliés en Europe. Après la fin de la guerre froide, les dépenses militaires avaient en effet considérablement baissé dans une Europe qui voulait alors profiter des «&nbsp;dividendes de la paix&nbsp;» <strong>et se reposait sur les garanties de sécurité états-uniennes.</strong></em></p>



<p><em>Le contexte international a changé depuis. <strong>La montée en puissance de la Chine, le regain de tensions entre l’OTAN et la Russie, exacerbées par l’agression contre l’Ukraine, et le développement de menaces dites «&nbsp;hybrides&nbsp;» ont alimenté ces appels à réarmer l’Europe.</strong> Le soutien apporté à l’Ukraine montre qu’à l’heure actuelle, les États-Unis restent engagés dans la sécurité européenne. Cependant, il existe la possibilité qu’ils puissent &#8211; à moyen terme &#8211; la délaisser et concentrer toute leur attention sur le Pacifique et leur rivalité avec la Chine.</em></p>



<p><em>Ces discours sont toutefois nuancés par d’autres, rappelant notamment que les États européens de l’OTAN ont des dépenses de défense cumulées cinq fois supérieures à celles de la Russie et que l’armée russe rencontre déjà de grandes difficultés face à l’Ukraine. L’incapacité des interventions occidentales en Afghanistan, en Irak ou au Sahel à porter les fruits politico-stratégiques qui en étaient attendus amène aussi à questionner l’utilité d’un accroissement des dépenses militaires.</em></p>



<p><em>L’objectif de cette troisième conférence d’un cycle consacré à l’actualité du projet de paix européen sera de <strong>confronter les points de vue et les analyses sur la question du réarmement de l’Europe pour permettre une meilleure compréhension de ses enjeux.</strong></em></p>



<p></p>



<p>La conférence sera donnée par Samuel Longuet, Chargé de recherches (GRIP) et Michel Liégeois, Professeur de relations internationales (UCL) et sera suivie d&rsquo;une séance de questions réponses.</p>



<p></p>



<h2 class="wp-block-heading">Déroulement de la conférence sur le réarmement de l&rsquo;Europe</h2>



<p></p>



<p>18h00: Accueil</p>



<p>18h30: début de l&rsquo;intervention de Samuel Longuet, questions &#8211; réponses, conclusion</p>



<p>20h30: Drink de fin de cycle, afin de continuer les échanges</p>



<p></p>



<h2 class="wp-block-heading">Infos pratiques</h2>



<p></p>



<p>Quand? Le 20/06/23, 18h30 à 20h30</p>



<p>Où? Bourse de Namur, Place d&rsquo;Armes n°1 &#8211; 5000 Namur (Salle Michaux)</p>



<p id="inscription">Prix: C&rsquo;est gratuit ! Inscription souhaitée via le formulaire ci-dessous </p>



<p></p>


<style id="wpforms-css-vars-24699-block-9bb65771-426b-4f78-b30f-f90f626dfcca">
				#wpforms-24699.wpforms-block-9bb65771-426b-4f78-b30f-f90f626dfcca {
				--wpforms-field-background-color: #BDC3D8;
--wpforms-field-border-color: #C8A137;
--wpforms-field-border-color-spare: #C8A137;
--wpforms-field-text-color: #025683;
			}
			</style><div class="wpforms-container wpforms-container-full wpforms-block wpforms-block-9bb65771-426b-4f78-b30f-f90f626dfcca wpforms-render-modern" id="wpforms-24699"><form id="wpforms-form-24699" class="wpforms-validate wpforms-form wpforms-ajax-form" data-formid="24699" method="post" enctype="multipart/form-data" action="/en/wp-json/wp/v2/agenda/24711" data-token="ee46377d075a9bda97143feca38928d0" data-token-time="1777426199"><div class="wpforms-head-container"><div class="wpforms-title">Inscription à la conférence &quot;L&#039;Europe doit-elle se réarmer ?&quot;</div></div><noscript class="wpforms-error-noscript">Please enable JavaScript in your browser to complete this form.</noscript><div id="wpforms-error-noscript" style="display: none;">Please enable JavaScript in your browser to complete this form.</div><div class="wpforms-field-container"><div id="wpforms-24699-field_8-container" class="wpforms-field wpforms-field-name" data-field-id="8"><fieldset><legend class="wpforms-field-label">Nom <span class="wpforms-required-label" aria-hidden="true">*</span></legend><div class="wpforms-field-row wpforms-field-medium"><div class="wpforms-field-row-block wpforms-first wpforms-one-half"><input type="text" id="wpforms-24699-field_8" class="wpforms-field-name-first wpforms-field-required" name="wpforms[fields][8][first]" aria-errormessage="wpforms-24699-field_8-error" required><label for="wpforms-24699-field_8" class="wpforms-field-sublabel after">First</label></div><div class="wpforms-field-row-block wpforms-one-half"><input type="text" id="wpforms-24699-field_8-last" class="wpforms-field-name-last wpforms-field-required" name="wpforms[fields][8][last]" aria-errormessage="wpforms-24699-field_8-last-error" required><label for="wpforms-24699-field_8-last" class="wpforms-field-sublabel after">Last</label></div></div></fieldset></div><div id="wpforms-24699-field_9-container" class="wpforms-field wpforms-field-email" data-field-id="9"><label class="wpforms-field-label" for="wpforms-24699-field_9">E-mail <span class="wpforms-required-label" aria-hidden="true">*</span></label><input type="email" id="wpforms-24699-field_9" class="wpforms-field-medium wpforms-field-required" name="wpforms[fields][9]" spellcheck="false" aria-errormessage="wpforms-24699-field_9-error" required></div><div id="wpforms-24699-field_10-container" class="wpforms-field wpforms-field-checkbox" data-field-id="10"><fieldset><legend class="wpforms-field-label">Je souhaite recevoir la newsletter </legend><ul id="wpforms-24699-field_10"><li class="choice-1 depth-1"><input type="checkbox" id="wpforms-24699-field_10_1" name="wpforms[fields][10][]" value="de Justice &amp; Paix" aria-errormessage="wpforms-24699-field_10_1-error"  ><label class="wpforms-field-label-inline" for="wpforms-24699-field_10_1">de Justice &amp; Paix</label></li><li class="choice-2 depth-1"><input type="checkbox" id="wpforms-24699-field_10_2" name="wpforms[fields][10][]" value="du GRIP" aria-errormessage="wpforms-24699-field_10_2-error"  ><label class="wpforms-field-label-inline" for="wpforms-24699-field_10_2">du GRIP</label></li><li class="choice-3 depth-1"><input type="checkbox" id="wpforms-24699-field_10_3" name="wpforms[fields][10][]" value="du Centre Avec" aria-errormessage="wpforms-24699-field_10_3-error"  ><label class="wpforms-field-label-inline" for="wpforms-24699-field_10_3">du Centre Avec</label></li><li class="choice-4 depth-1"><input type="checkbox" id="wpforms-24699-field_10_4" name="wpforms[fields][10][]" value="De Etopia" aria-errormessage="wpforms-24699-field_10_4-error"  ><label class="wpforms-field-label-inline" for="wpforms-24699-field_10_4">De Etopia</label></li></ul></fieldset></div><div id="wpforms-24699-field_12-container" class="wpforms-field wpforms-field-content" data-field-id="12"><div id="wpforms-24699-field_12" class="wpforms-field-medium wpforms-field-row" aria-errormessage="wpforms-24699-field_12-error"><p><em>Vos données sont traitées dans la plus grande confidentialité, conformément au RGPD et ne seront en aucun cas divulguées à des tiers.</em></p>
<div class="wpforms-field-content-display-frontend-clear"></div></div></div></div><!-- .wpforms-field-container --><div class="wpforms-submit-container" ><input type="hidden" name="wpforms[id]" value="24699"><input type="hidden" name="page_title" value=""><input type="hidden" name="page_url" value="https://www.justicepaix.be/en/wp-json/wp/v2/agenda/24711"><input type="hidden" name="url_referer" value=""><button type="submit" name="wpforms[submit]" id="wpforms-submit-24699" class="wpforms-submit" data-alt-text="Envoi..." data-submit-text="Envoyer" aria-live="assertive" value="wpforms-submit">Envoyer</button><img decoding="async" src="https://www.justicepaix.be/wp-content/plugins/wpforms/assets/images/submit-spin.svg" class="wpforms-submit-spinner" style="display: none;" width="26" height="26" alt="Loading"></div></form></div>  <!-- .wpforms-container -->






<div class="wp-block-columns is-layout-flex wp-container-core-columns-is-layout-28f84493 wp-block-columns-is-layout-flex">
<div class="wp-block-column is-layout-flow wp-block-column-is-layout-flow" style="flex-basis:100%"></div>
</div>





<div class="wp-block-columns is-layout-flex wp-container-core-columns-is-layout-28f84493 wp-block-columns-is-layout-flex">
<div class="wp-block-column is-layout-flow wp-block-column-is-layout-flow" style="flex-basis:100%"></div>
</div>
