{"id":23438,"date":"2022-08-22T15:15:02","date_gmt":"2022-08-22T13:15:02","guid":{"rendered":"https:\/\/www.justicepaix.be\/?post_type=tribe_events&#038;p=23438"},"modified":"2024-03-07T23:29:58","modified_gmt":"2024-03-07T22:29:58","slug":"conference-du-global-au-local-une-reouverture-des-mines-en-europe","status":"publish","type":"agenda","link":"https:\/\/www.justicepaix.be\/en\/agenda\/conference-du-global-au-local-une-reouverture-des-mines-en-europe\/","title":{"rendered":"D\u00e9bat- Va t-on rouvrir des mines en Europe\u00a0?"},"content":{"rendered":"<h2 class=\"has-medium-font-size wp-block-heading\"><\/h2>\n\n\n\n<p>La Commission Justice &amp; Paix organise une conf\u00e9rence \u00e0 l&rsquo;occasion de la quinzaine des solidarit\u00e9s de la Ville de Bruxelles, le jeudi 13 octobre \u00e0 18h30 \u00e0 la Tour \u00e0 Plomb.<\/p>\n\n\n\n<figure class=\"wp-block-image aligncenter size-large is-resized\"><img fetchpriority=\"high\" decoding=\"async\" src=\"https:\/\/www.justicepaix.be\/wp-content\/uploads\/2022\/08\/285730579_319512960383689_3945602898491468582_n-1024x683.jpg\" alt=\"\" class=\"wp-image-23448\" width=\"427\" height=\"285\" srcset=\"https:\/\/www.justicepaix.be\/wp-content\/uploads\/2022\/08\/285730579_319512960383689_3945602898491468582_n-1024x683.jpg 1024w, https:\/\/www.justicepaix.be\/wp-content\/uploads\/2022\/08\/285730579_319512960383689_3945602898491468582_n-300x200.jpg 300w, https:\/\/www.justicepaix.be\/wp-content\/uploads\/2022\/08\/285730579_319512960383689_3945602898491468582_n-768x512.jpg 768w, https:\/\/www.justicepaix.be\/wp-content\/uploads\/2022\/08\/285730579_319512960383689_3945602898491468582_n-1536x1024.jpg 1536w, https:\/\/www.justicepaix.be\/wp-content\/uploads\/2022\/08\/285730579_319512960383689_3945602898491468582_n.jpg 2048w\" sizes=\"(max-width: 427px) 100vw, 427px\" \/><figcaption>Mai 2022 \u00b7 cc CJP\/Systext-sa-nc 3.0. Andalousie, Espagne. <\/figcaption><\/figure>\n\n\n\n<h2 class=\"has-medium-font-size wp-block-heading\">Descriptif du d\u00e9bat sur les mines europ\u00e9ennes<\/h2>\n\n\n\n<p>Dans les plans que nos responsables politiques dessinent pour le futur, les minerais jouent un r\u00f4le important&nbsp;: ils sont pr\u00e9sents <strong>dans les nouvelles technologies num\u00e9riques<\/strong>, mais \u00e9galement dans les \u00e9oliennes, panneaux solaires, batteries de voitures et autres trottinettes \u00e9lectriques\u2026 En bref, dans tous les \u00e9quipements pens\u00e9s pour assurer une <strong>transition \u00e9nerg\u00e9tique et \u00e9cologique<\/strong> (sortir des \u00e9nergies fossiles) au niveau europ\u00e9en.<\/p>\n\n\n\n<figure class=\"wp-block-image aligncenter size-large is-resized\"><img decoding=\"async\" src=\"https:\/\/www.justicepaix.be\/wp-content\/uploads\/2022\/08\/286006209_319513000383685_5870954651501855004_n-1024x683.jpg\" alt=\"\" class=\"wp-image-23446\" width=\"362\" height=\"241\" srcset=\"https:\/\/www.justicepaix.be\/wp-content\/uploads\/2022\/08\/286006209_319513000383685_5870954651501855004_n-1024x683.jpg 1024w, https:\/\/www.justicepaix.be\/wp-content\/uploads\/2022\/08\/286006209_319513000383685_5870954651501855004_n-300x200.jpg 300w, https:\/\/www.justicepaix.be\/wp-content\/uploads\/2022\/08\/286006209_319513000383685_5870954651501855004_n-768x512.jpg 768w, https:\/\/www.justicepaix.be\/wp-content\/uploads\/2022\/08\/286006209_319513000383685_5870954651501855004_n-1536x1024.jpg 1536w, https:\/\/www.justicepaix.be\/wp-content\/uploads\/2022\/08\/286006209_319513000383685_5870954651501855004_n.jpg 2048w\" sizes=\"(max-width: 362px) 100vw, 362px\" \/><figcaption>Mai 2022 \u00b7 cc CJP\/Systext-sa-nc 3.0. Mine de Rio Tinto, Andalousie, Espagne. <\/figcaption><\/figure>\n\n\n\n<p>\u00c0 l\u2019heure actuelle, une grande partie de l\u2019approvisionnement de l\u2019Europe en minerais est assur\u00e9 par d\u2019autres r\u00e9gions du monde. En effet, la globalisation a repouss\u00e9 de l\u2019Europe l\u2019extraction de minerais, ainsi que les probl\u00e8mes qu\u2019elle cause&nbsp;: probl\u00e8mes \u00e9cologiques <strong>de grande ampleur<\/strong> (rupture de digues, pollution des eaux et des sols, mort des plantes et animaux, fin de la biodiversit\u00e9), <strong>mais \u00e9galement sanitaires<\/strong> (contamination des personnes). La mine n\u2019est pas sans impacts.<\/p>\n\n\n\n<figure class=\"wp-block-image aligncenter size-large is-resized\"><img decoding=\"async\" src=\"https:\/\/www.justicepaix.be\/wp-content\/uploads\/2022\/08\/284505281_319512973717021_9097355321286785682_n-1024x683.jpg\" alt=\"\" class=\"wp-image-23447\" width=\"378\" height=\"252\" srcset=\"https:\/\/www.justicepaix.be\/wp-content\/uploads\/2022\/08\/284505281_319512973717021_9097355321286785682_n-1024x683.jpg 1024w, https:\/\/www.justicepaix.be\/wp-content\/uploads\/2022\/08\/284505281_319512973717021_9097355321286785682_n-300x200.jpg 300w, https:\/\/www.justicepaix.be\/wp-content\/uploads\/2022\/08\/284505281_319512973717021_9097355321286785682_n-768x512.jpg 768w, https:\/\/www.justicepaix.be\/wp-content\/uploads\/2022\/08\/284505281_319512973717021_9097355321286785682_n-1536x1024.jpg 1536w, https:\/\/www.justicepaix.be\/wp-content\/uploads\/2022\/08\/284505281_319512973717021_9097355321286785682_n.jpg 2048w\" sizes=\"(max-width: 378px) 100vw, 378px\" \/><figcaption>Cr\u00e9dit: Mai 2022 \u00b7 cc CJP\/Systext-sa-nc 3.0. Mine de Cerro Colorado, Andalousie, Espagne.<\/figcaption><\/figure>\n\n\n\n<p>Pourtant, pour pallier sa demande int\u00e9rieure sans cesse croissante, l\u2019Europe propose, depuis la fin des ann\u00e9es 2000 diff\u00e9rentes mesures, et entre autres&nbsp;: (r)ouvrir des mines en Europe.<\/p>\n\n\n\n<p><\/p>\n\n\n\n<p>\u00c0 travers ce d\u00e9bat, nos trois expert\u00b7es vont explorer les questions suivantes&nbsp;:<\/p>\n\n\n\n<ul class=\"wp-block-list\"><li>Pourquoi dit-on, pense-t-on, qu\u2019il est souhaitable ou int\u00e9ressant de <strong>rouvrir des mines en Europe<\/strong> ? Pour quelles fins ? De quels types de mines parle-t-on, et \u00e0 quelle \u00e9chelle ?<\/li><li>Quelles seraient <strong>les implications de ce \u00ab retour \u00bb<\/strong>, pour les citoyennes et citoyens belges, ainsi que pour ceux et celles d\u2019autres pays ? Une r\u00e9ouverture des mines en Europe est-elle conciliable avec <strong>le New Green Deal europ\u00e9en<\/strong> et, de mani\u00e8re g\u00e9n\u00e9rale, la volont\u00e9 d\u2019aller vers une Europe plus \u00e9cologique ?<\/li><li>N\u2019y a-t-il pas d\u2019autres possibilit\u00e9s que <strong>la consommation en hausse de minerais<\/strong>, par exemple en d\u00e9veloppant un mode de vie moins centr\u00e9 sur des appareils qui en n\u00e9cessitent ?<\/li><\/ul>\n\n\n\n<p><\/p>\n\n\n\n<p><strong>Un large moment d\u2019\u00e9change avec le public est \u00e9galement pr\u00e9vu.<\/strong><\/p>\n\n\n\n<p><\/p>\n\n\n\n<h2 class=\"has-medium-font-size wp-block-heading\">Expert\u00b7es invit\u00e9\u00b7es<\/h2>\n\n\n\n<p><\/p>\n\n\n\n<ul class=\"wp-block-list\"><li>Eric Pirard\u00a0: Ing\u00e9nieur G\u00e9ologue et explorateur de nos mines urbaines,\u00a0Eric Pirard\u00a0d\u00e9veloppe, avec son \u00e9quipe de recherches (GeMMe\u00a0\u2013\u00a0ULi\u00e8ge), les techniques de l\u2019industrie min\u00e9rale 4.0. Il participe \u00e0 l\u2019av\u00e8nement d\u2019une \u00e9conomie plus circulaire des m\u00e9taux en interpellant et sensibilisant tous les publics quant \u00e0 leur r\u00f4le de \u00ab\u00a0consomm-acteur\u00a0\u00bb. Il est \u00e9galement fondateur d\u2019Ing\u00e9nieurs sans Fronti\u00e8res\u00a0en Belgique et cr\u00e9ateur de plusieurs start-ups.<\/li><li>G\u00e9raldine Duquenne\u00a0:\u00a0Engag\u00e9e jusqu\u2019\u00e0 il y a peu aupr\u00e8s de l&rsquo;ONG Justice &amp; Paix, elle dispose d&rsquo;une expertise reconnue sur l&rsquo;Am\u00e9rique latine, ainsi que les questions li\u00e9es \u00e0 l&rsquo;extractivisme minier.<\/li><li>Romain Gellin\u00a0: Chercheur et formateur aupr\u00e8s de l\u2019asbl\u00a0Gresea\u00a0et auteur du livre\u00a0\u00ab\u00a0Des limites de la transition\u00a0: pour une d\u00e9croissance d\u00e9lib\u00e9r\u00e9e.\u00a0\u00bb<\/li><\/ul>\n\n\n\n<p><\/p>\n\n\n\n<h2 class=\"has-medium-font-size wp-block-heading\">Modalit\u00e9s<\/h2>\n\n\n\n<p><\/p>\n\n\n\n<p>La conf\u00e9rence se d\u00e9roulera dans le cadre de la Quinzaine de la solidarit\u00e9, de la Ville de Bruxelles <\/p>\n\n\n\n<ul class=\"wp-block-list\"><li>Quand ?\u00a0Le jeudi 13 octobre \u00e0 18h30<br><\/li><li>O\u00f9 ? \u00c0 la Tour \u00e0 Plomb &#8211; rue de l\u2019abattoir 24, 1000 Bruxelles<br><\/li><li>Prix ? Gratuit et ouvert \u00e0 tous\u00b7tes <\/li><\/ul>\n\n\n\n<p><\/p>\n\n\n\n<p><strong>La conf\u00e9rence sera suivie d&rsquo;un drink<\/strong><\/p>\n\n\n\n<p><\/p>\n\n\n\n<p><strong>Un&nbsp;Foodtruck Solidaire d\u2019ADRA Belgium sera pr\u00e9sent avant l\u2019\u00e9v\u00e8nement pour ceux et celles qui le souhaitent.<\/strong><\/p>\n\n\n\n<p><\/p>\n\n\n\n<p><\/p>\n\n\n\n<p><\/p>\n\n\n\n<p><\/p>","protected":false},"excerpt":{"rendered":"<p>La Commission Justice &#038; Paix organise une conf\u00e9rence \u00e0 l&rsquo;occasion de la quinzaine des solidarit\u00e9s de la Ville de Bruxelles, le jeudi 13 octobre \u00e0 18h30 \u00e0 la Tour \u00e0 Plomb.<\/p>","protected":false},"featured_media":23449,"parent":0,"template":"","tags":[],"type-devenement":[],"class_list":["post-23438","agenda","type-agenda","status-publish","has-post-thumbnail","hentry"],"acf":[],"_links":{"self":[{"href":"https:\/\/www.justicepaix.be\/en\/wp-json\/wp\/v2\/agenda\/23438","targetHints":{"allow":["GET"]}}],"collection":[{"href":"https:\/\/www.justicepaix.be\/en\/wp-json\/wp\/v2\/agenda"}],"about":[{"href":"https:\/\/www.justicepaix.be\/en\/wp-json\/wp\/v2\/types\/agenda"}],"version-history":[{"count":1,"href":"https:\/\/www.justicepaix.be\/en\/wp-json\/wp\/v2\/agenda\/23438\/revisions"}],"predecessor-version":[{"id":27311,"href":"https:\/\/www.justicepaix.be\/en\/wp-json\/wp\/v2\/agenda\/23438\/revisions\/27311"}],"wp:featuredmedia":[{"embeddable":true,"href":"https:\/\/www.justicepaix.be\/en\/wp-json\/wp\/v2\/media\/23449"}],"wp:attachment":[{"href":"https:\/\/www.justicepaix.be\/en\/wp-json\/wp\/v2\/media?parent=23438"}],"wp:term":[{"taxonomy":"post_tag","embeddable":true,"href":"https:\/\/www.justicepaix.be\/en\/wp-json\/wp\/v2\/tags?post=23438"},{"taxonomy":"type-devenement","embeddable":true,"href":"https:\/\/www.justicepaix.be\/en\/wp-json\/wp\/v2\/type-devenement?post=23438"}],"curies":[{"name":"wp","href":"https:\/\/api.w.org\/{rel}","templated":true}]}}

Débat- Va t-on rouvrir des mines en Europe ?

<h2 class="has-medium-font-size wp-block-heading"></h2>



<p>La Commission Justice &amp; Paix organise une conférence à l&rsquo;occasion de la quinzaine des solidarités de la Ville de Bruxelles, le jeudi 13 octobre à 18h30 à la Tour à Plomb.</p>



<figure class="wp-block-image aligncenter size-large is-resized"><img fetchpriority="high" decoding="async" src="https://www.justicepaix.be/wp-content/uploads/2022/08/285730579_319512960383689_3945602898491468582_n-1024x683.jpg" alt="" class="wp-image-23448" width="427" height="285" srcset="https://www.justicepaix.be/wp-content/uploads/2022/08/285730579_319512960383689_3945602898491468582_n-1024x683.jpg 1024w, https://www.justicepaix.be/wp-content/uploads/2022/08/285730579_319512960383689_3945602898491468582_n-300x200.jpg 300w, https://www.justicepaix.be/wp-content/uploads/2022/08/285730579_319512960383689_3945602898491468582_n-768x512.jpg 768w, https://www.justicepaix.be/wp-content/uploads/2022/08/285730579_319512960383689_3945602898491468582_n-1536x1024.jpg 1536w, https://www.justicepaix.be/wp-content/uploads/2022/08/285730579_319512960383689_3945602898491468582_n.jpg 2048w" sizes="(max-width: 427px) 100vw, 427px" /><figcaption>Mai 2022 · cc CJP/Systext-sa-nc 3.0. Andalousie, Espagne. </figcaption></figure>



<h2 class="has-medium-font-size wp-block-heading">Descriptif du débat sur les mines européennes</h2>



<p>Dans les plans que nos responsables politiques dessinent pour le futur, les minerais jouent un rôle important&nbsp;: ils sont présents <strong>dans les nouvelles technologies numériques</strong>, mais également dans les éoliennes, panneaux solaires, batteries de voitures et autres trottinettes électriques… En bref, dans tous les équipements pensés pour assurer une <strong>transition énergétique et écologique</strong> (sortir des énergies fossiles) au niveau européen.</p>



<figure class="wp-block-image aligncenter size-large is-resized"><img decoding="async" src="https://www.justicepaix.be/wp-content/uploads/2022/08/286006209_319513000383685_5870954651501855004_n-1024x683.jpg" alt="" class="wp-image-23446" width="362" height="241" srcset="https://www.justicepaix.be/wp-content/uploads/2022/08/286006209_319513000383685_5870954651501855004_n-1024x683.jpg 1024w, https://www.justicepaix.be/wp-content/uploads/2022/08/286006209_319513000383685_5870954651501855004_n-300x200.jpg 300w, https://www.justicepaix.be/wp-content/uploads/2022/08/286006209_319513000383685_5870954651501855004_n-768x512.jpg 768w, https://www.justicepaix.be/wp-content/uploads/2022/08/286006209_319513000383685_5870954651501855004_n-1536x1024.jpg 1536w, https://www.justicepaix.be/wp-content/uploads/2022/08/286006209_319513000383685_5870954651501855004_n.jpg 2048w" sizes="(max-width: 362px) 100vw, 362px" /><figcaption>Mai 2022 · cc CJP/Systext-sa-nc 3.0. Mine de Rio Tinto, Andalousie, Espagne. </figcaption></figure>



<p>À l’heure actuelle, une grande partie de l’approvisionnement de l’Europe en minerais est assuré par d’autres régions du monde. En effet, la globalisation a repoussé de l’Europe l’extraction de minerais, ainsi que les problèmes qu’elle cause&nbsp;: problèmes écologiques <strong>de grande ampleur</strong> (rupture de digues, pollution des eaux et des sols, mort des plantes et animaux, fin de la biodiversité), <strong>mais également sanitaires</strong> (contamination des personnes). La mine n’est pas sans impacts.</p>



<figure class="wp-block-image aligncenter size-large is-resized"><img decoding="async" src="https://www.justicepaix.be/wp-content/uploads/2022/08/284505281_319512973717021_9097355321286785682_n-1024x683.jpg" alt="" class="wp-image-23447" width="378" height="252" srcset="https://www.justicepaix.be/wp-content/uploads/2022/08/284505281_319512973717021_9097355321286785682_n-1024x683.jpg 1024w, https://www.justicepaix.be/wp-content/uploads/2022/08/284505281_319512973717021_9097355321286785682_n-300x200.jpg 300w, https://www.justicepaix.be/wp-content/uploads/2022/08/284505281_319512973717021_9097355321286785682_n-768x512.jpg 768w, https://www.justicepaix.be/wp-content/uploads/2022/08/284505281_319512973717021_9097355321286785682_n-1536x1024.jpg 1536w, https://www.justicepaix.be/wp-content/uploads/2022/08/284505281_319512973717021_9097355321286785682_n.jpg 2048w" sizes="(max-width: 378px) 100vw, 378px" /><figcaption>Crédit: Mai 2022 · cc CJP/Systext-sa-nc 3.0. Mine de Cerro Colorado, Andalousie, Espagne.</figcaption></figure>



<p>Pourtant, pour pallier sa demande intérieure sans cesse croissante, l’Europe propose, depuis la fin des années 2000 différentes mesures, et entre autres&nbsp;: (r)ouvrir des mines en Europe.</p>



<p></p>



<p>À travers ce débat, nos trois expert·es vont explorer les questions suivantes&nbsp;:</p>



<ul class="wp-block-list"><li>Pourquoi dit-on, pense-t-on, qu’il est souhaitable ou intéressant de <strong>rouvrir des mines en Europe</strong> ? Pour quelles fins ? De quels types de mines parle-t-on, et à quelle échelle ?</li><li>Quelles seraient <strong>les implications de ce « retour »</strong>, pour les citoyennes et citoyens belges, ainsi que pour ceux et celles d’autres pays ? Une réouverture des mines en Europe est-elle conciliable avec <strong>le New Green Deal européen</strong> et, de manière générale, la volonté d’aller vers une Europe plus écologique ?</li><li>N’y a-t-il pas d’autres possibilités que <strong>la consommation en hausse de minerais</strong>, par exemple en développant un mode de vie moins centré sur des appareils qui en nécessitent ?</li></ul>



<p></p>



<p><strong>Un large moment d’échange avec le public est également prévu.</strong></p>



<p></p>



<h2 class="has-medium-font-size wp-block-heading">Expert·es invité·es</h2>



<p></p>



<ul class="wp-block-list"><li>Eric Pirard : Ingénieur Géologue et explorateur de nos mines urbaines, Eric Pirard développe, avec son équipe de recherches (GeMMe – ULiège), les techniques de l’industrie minérale 4.0. Il participe à l’avènement d’une économie plus circulaire des métaux en interpellant et sensibilisant tous les publics quant à leur rôle de « consomm-acteur ». Il est également fondateur d’Ingénieurs sans Frontières en Belgique et créateur de plusieurs start-ups.</li><li>Géraldine Duquenne : Engagée jusqu’à il y a peu auprès de l&rsquo;ONG Justice &amp; Paix, elle dispose d&rsquo;une expertise reconnue sur l&rsquo;Amérique latine, ainsi que les questions liées à l&rsquo;extractivisme minier.</li><li>Romain Gellin : Chercheur et formateur auprès de l’asbl Gresea et auteur du livre « Des limites de la transition : pour une décroissance délibérée. »</li></ul>



<p></p>



<h2 class="has-medium-font-size wp-block-heading">Modalités</h2>



<p></p>



<p>La conférence se déroulera dans le cadre de la Quinzaine de la solidarité, de la Ville de Bruxelles </p>



<ul class="wp-block-list"><li>Quand ? Le jeudi 13 octobre à 18h30<br></li><li>Où ? À la Tour à Plomb &#8211; rue de l’abattoir 24, 1000 Bruxelles<br></li><li>Prix ? Gratuit et ouvert à tous·tes </li></ul>



<p></p>



<p><strong>La conférence sera suivie d&rsquo;un drink</strong></p>



<p></p>



<p><strong>Un&nbsp;Foodtruck Solidaire d’ADRA Belgium sera présent avant l’évènement pour ceux et celles qui le souhaitent.</strong></p>



<p></p>



<p></p>



<p></p>



<p></p>

<p>La Commission Justice &#038; Paix organise une conférence à l&rsquo;occasion de la quinzaine des solidarités de la Ville de Bruxelles, le jeudi 13 octobre à 18h30 à la Tour à Plomb.</p>
