{"id":23409,"date":"2022-08-17T14:07:05","date_gmt":"2022-08-17T12:07:05","guid":{"rendered":"https:\/\/www.justicepaix.be\/?post_type=tribe_events&#038;p=23409"},"modified":"2024-03-07T23:29:58","modified_gmt":"2024-03-07T22:29:58","slug":"decolonization-conference-between-memory-and-reconciliation-with-amnesty-international-uliege","status":"publish","type":"agenda","link":"https:\/\/www.justicepaix.be\/en\/agenda\/conference-decolonisation-entre-memoire-et-reconciliation-avec-amnesty-international-uliege\/","title":{"rendered":"Conference \u201cDecolonization: between memory and reconciliation\u201d \u2013 with Amnesty International ULi\u00e8ge"},"content":{"rendered":"<figure class=\"wp-block-image aligncenter size-large\"><img fetchpriority=\"high\" decoding=\"async\" width=\"1024\" height=\"577\" src=\"https:\/\/www.justicepaix.be\/wp-content\/uploads\/2022\/09\/processed-a4a2e5c8-386f-4c25-b108-a7ac8d51ecea_bUEj2LyC-1024x577.jpeg\" alt=\"\" class=\"wp-image-23572\" srcset=\"https:\/\/www.justicepaix.be\/wp-content\/uploads\/2022\/09\/processed-a4a2e5c8-386f-4c25-b108-a7ac8d51ecea_bUEj2LyC-1024x577.jpeg 1024w, https:\/\/www.justicepaix.be\/wp-content\/uploads\/2022\/09\/processed-a4a2e5c8-386f-4c25-b108-a7ac8d51ecea_bUEj2LyC-300x169.jpeg 300w, https:\/\/www.justicepaix.be\/wp-content\/uploads\/2022\/09\/processed-a4a2e5c8-386f-4c25-b108-a7ac8d51ecea_bUEj2LyC-768x433.jpeg 768w, https:\/\/www.justicepaix.be\/wp-content\/uploads\/2022\/09\/processed-a4a2e5c8-386f-4c25-b108-a7ac8d51ecea_bUEj2LyC-1536x865.jpeg 1536w, https:\/\/www.justicepaix.be\/wp-content\/uploads\/2022\/09\/processed-a4a2e5c8-386f-4c25-b108-a7ac8d51ecea_bUEj2LyC.jpeg 1640w\" sizes=\"(max-width: 1024px) 100vw, 1024px\" \/><\/figure>\n\n\n\n<p><\/p>\n\n\n\n<h2 class=\"has-medium-font-size wp-block-heading\">Conference description<\/h2>\n\n\n\n<p><\/p>\n\n\n\n<p>As part of our \u201cPromotion of citizenship and interculturality\u201d project of the Wallonia Brussels Federation: <strong>\u201cDecolonization: between memory and reconciliation\u201d<\/strong> which is part of our work on the <strong>colonial past<\/strong>, we will organize, in collaboration with<a href=\"https:\/\/www.fede-uliege.be\/cercle\/amnesty-international-ulg\/\" target=\"_blank\" rel=\"noreferrer noopener\"> Amnesty International ULi\u00e8ge<\/a>, a 2 hour conference, <strong>on September 28, 2022, from 6:30 p.m. to 8:30 p.m. at the M.Wilmotte amphitheater, building A2 at the University of Li\u00e8ge.<\/strong><\/p>\n\n\n\n<p>The objective of this conference is to&nbsp;<strong>question the transmission of memory in relation to the Belgian colonial past (Rwanda, Burundi and Democratic Republic of Congo)<\/strong>. Our wish is to be able to address the key elements of the transmission of the colonial past to younger generations, particularly through questions of generational trauma as well as the negative effects of ignorance that this past can have on social cohesion and living -together (the need for memory work).<\/p>\n\n\n\n<p><strong>Structured around the triptych \u201csee-judge-act\u201d<\/strong>, this conference will take place in a round table format (prepared question-and-answer time, then question-and-answer time from the public). Through this format, we will encourage interactions between speakers by relying on each person&#039;s responses. <\/p>\n\n\n\n<p>For this, we will have the pleasure of welcoming 3 speakers to lead the conferences.<\/p>\n\n\n\n<ul class=\"wp-block-list\"><li>Marie-Fid\u00e8le Dusingize, anti-colonial activist (her <a href=\"https:\/\/www.instagram.com\/mariefdusingize_\/\" target=\"_blank\" rel=\"noreferrer noopener\">instagram here<\/a>)<\/li><li>Teacher. Pierre Verjans, doctor and honorary lecturer in political science at the University of Li\u00e8ge<\/li><li>J\u00e9r\u00e9mie Piolat, research and project manager at <a href=\"https:\/\/www.bepax.org\/a-propos\/\" target=\"_blank\" rel=\"noreferrer noopener\">BePax ASBL<\/a> (her <a href=\"https:\/\/www.instagram.com\/jeremie.piolat.la.morgue\/\" target=\"_blank\" rel=\"noreferrer noopener\">instagram here<\/a>)<\/li><\/ul>\n\n\n\n<p><\/p>\n\n\n\n<p><strong>This conference is in line with our training <a href=\"https:\/\/www.justicepaix.be\/en\/training-on-memory-work-and-reconciliation\/\" target=\"_blank\" rel=\"noreferrer noopener\">\u201cDecolonization, between memory and reconciliation\u201d.<\/a><\/strong><\/p>\n\n\n\n<p><\/p>\n\n\n\n<h2 class=\"has-medium-font-size wp-block-heading\">How the evening will go:<\/h2>\n\n\n\n<ul class=\"wp-block-list\"><li>6 p.m.: Doors open<\/li><li>6:30 p.m.: Start of the conference<\/li><li>8:30 p.m.: Drink<\/li><li>9:30 p.m.: late evening<\/li><\/ul>\n\n\n\n<p><\/p>\n\n\n\n<p>We are expecting many of you for this conference on memory and reconciliation with Amnesty ULi\u00e8ge! For the smooth running of the evening, your registration is requested. You can register via <a href=\"https:\/\/docs.google.com\/forms\/d\/e\/1FAIpQLSd7I5z2ajPmBSpoCoC1nFhOhKNorY2_3otdsxybLNE6orNUoQ\/viewform?fbclid=IwAR0KeCPRcVjzBYGp4OMzCcF0MYdxisLuNPyiaakSE0Vj9P016vNrRxnWNOc\" target=\"_blank\" rel=\"noreferrer noopener\">this form<\/a>.<\/p>\n\n\n\n<p><\/p>\n\n\n\n<p><\/p>\n\n\n\n<p><\/p>\n\n\n\n<p><\/p>\n\n\n\n<p><\/p>","protected":false},"excerpt":{"rendered":"<p>Amnesty International ULi\u00e8ge et Justice &#038; Paix organisent une conf\u00e9rence sur la d\u00e9colonisation et le travail de m\u00e9moire le 28 septembre \u00e0 Li\u00e8ge !<\/p>","protected":false},"featured_media":23572,"parent":0,"template":"","tags":[],"type-devenement":[],"class_list":["post-23409","agenda","type-agenda","status-publish","has-post-thumbnail","hentry"],"acf":[],"_links":{"self":[{"href":"https:\/\/www.justicepaix.be\/en\/wp-json\/wp\/v2\/agenda\/23409","targetHints":{"allow":["GET"]}}],"collection":[{"href":"https:\/\/www.justicepaix.be\/en\/wp-json\/wp\/v2\/agenda"}],"about":[{"href":"https:\/\/www.justicepaix.be\/en\/wp-json\/wp\/v2\/types\/agenda"}],"version-history":[{"count":1,"href":"https:\/\/www.justicepaix.be\/en\/wp-json\/wp\/v2\/agenda\/23409\/revisions"}],"predecessor-version":[{"id":27313,"href":"https:\/\/www.justicepaix.be\/en\/wp-json\/wp\/v2\/agenda\/23409\/revisions\/27313"}],"wp:featuredmedia":[{"embeddable":true,"href":"https:\/\/www.justicepaix.be\/en\/wp-json\/wp\/v2\/media\/23572"}],"wp:attachment":[{"href":"https:\/\/www.justicepaix.be\/en\/wp-json\/wp\/v2\/media?parent=23409"}],"wp:term":[{"taxonomy":"post_tag","embeddable":true,"href":"https:\/\/www.justicepaix.be\/en\/wp-json\/wp\/v2\/tags?post=23409"},{"taxonomy":"type-devenement","embeddable":true,"href":"https:\/\/www.justicepaix.be\/en\/wp-json\/wp\/v2\/type-devenement?post=23409"}],"curies":[{"name":"wp","href":"https:\/\/api.w.org\/{rel}","templated":true}]}}

Conference “Decolonization: between memory and reconciliation” – with Amnesty International ULiège

<figure class="wp-block-image aligncenter size-large"><img fetchpriority="high" decoding="async" width="1024" height="577" src="https://www.justicepaix.be/wp-content/uploads/2022/09/processed-a4a2e5c8-386f-4c25-b108-a7ac8d51ecea_bUEj2LyC-1024x577.jpeg" alt="" class="wp-image-23572" srcset="https://www.justicepaix.be/wp-content/uploads/2022/09/processed-a4a2e5c8-386f-4c25-b108-a7ac8d51ecea_bUEj2LyC-1024x577.jpeg 1024w, https://www.justicepaix.be/wp-content/uploads/2022/09/processed-a4a2e5c8-386f-4c25-b108-a7ac8d51ecea_bUEj2LyC-300x169.jpeg 300w, https://www.justicepaix.be/wp-content/uploads/2022/09/processed-a4a2e5c8-386f-4c25-b108-a7ac8d51ecea_bUEj2LyC-768x433.jpeg 768w, https://www.justicepaix.be/wp-content/uploads/2022/09/processed-a4a2e5c8-386f-4c25-b108-a7ac8d51ecea_bUEj2LyC-1536x865.jpeg 1536w, https://www.justicepaix.be/wp-content/uploads/2022/09/processed-a4a2e5c8-386f-4c25-b108-a7ac8d51ecea_bUEj2LyC.jpeg 1640w" sizes="(max-width: 1024px) 100vw, 1024px" /></figure>



<p></p>



<h2 class="has-medium-font-size wp-block-heading">Conference description</h2>



<p></p>



<p>As part of our “Promotion of citizenship and interculturality” project of the Wallonia Brussels Federation: <strong>“Decolonization: between memory and reconciliation”</strong> which is part of our work on the <strong>colonial past</strong>, we will organize, in collaboration with<a href="https://www.fede-uliege.be/cercle/amnesty-international-ulg/" target="_blank" rel="noreferrer noopener"> Amnesty International ULiège</a>, a 2 hour conference, <strong>on September 28, 2022, from 6:30 p.m. to 8:30 p.m. at the M.Wilmotte amphitheater, building A2 at the University of Liège.</strong></p>



<p>The objective of this conference is to&nbsp;<strong>question the transmission of memory in relation to the Belgian colonial past (Rwanda, Burundi and Democratic Republic of Congo)</strong>. Our wish is to be able to address the key elements of the transmission of the colonial past to younger generations, particularly through questions of generational trauma as well as the negative effects of ignorance that this past can have on social cohesion and living -together (the need for memory work).</p>



<p><strong>Structured around the triptych “see-judge-act”</strong>, this conference will take place in a round table format (prepared question-and-answer time, then question-and-answer time from the public). Through this format, we will encourage interactions between speakers by relying on each person&#039;s responses. </p>



<p>For this, we will have the pleasure of welcoming 3 speakers to lead the conferences.</p>



<ul class="wp-block-list"><li>Marie-Fidèle Dusingize, anti-colonial activist (her <a href="https://www.instagram.com/mariefdusingize_/" target="_blank" rel="noreferrer noopener">instagram here</a>)</li><li>Teacher. Pierre Verjans, doctor and honorary lecturer in political science at the University of Liège</li><li>Jérémie Piolat, research and project manager at <a href="https://www.bepax.org/a-propos/" target="_blank" rel="noreferrer noopener">BePax ASBL</a> (her <a href="https://www.instagram.com/jeremie.piolat.la.morgue/" target="_blank" rel="noreferrer noopener">instagram here</a>)</li></ul>



<p></p>



<p><strong>This conference is in line with our training <a href="https://www.justicepaix.be/en/training-on-memory-work-and-reconciliation/" target="_blank" rel="noreferrer noopener">“Decolonization, between memory and reconciliation”.</a></strong></p>



<p></p>



<h2 class="has-medium-font-size wp-block-heading">How the evening will go:</h2>



<ul class="wp-block-list"><li>6 p.m.: Doors open</li><li>6:30 p.m.: Start of the conference</li><li>8:30 p.m.: Drink</li><li>9:30 p.m.: late evening</li></ul>



<p></p>



<p>We are expecting many of you for this conference on memory and reconciliation with Amnesty ULiège! For the smooth running of the evening, your registration is requested. You can register via <a href="https://docs.google.com/forms/d/e/1FAIpQLSd7I5z2ajPmBSpoCoC1nFhOhKNorY2_3otdsxybLNE6orNUoQ/viewform?fbclid=IwAR0KeCPRcVjzBYGp4OMzCcF0MYdxisLuNPyiaakSE0Vj9P016vNrRxnWNOc" target="_blank" rel="noreferrer noopener">this form</a>.</p>



<p></p>



<p></p>



<p></p>



<p></p>



<p></p>

<p>Amnesty International ULiège et Justice &#038; Paix organisent une conférence sur la décolonisation et le travail de mémoire le 28 septembre à Liège !</p>
